-- phpMyAdmin SQL Dump
-- version 5.2.1
-- https://www.phpmyadmin.net/
--
-- Host: localhost:3306
-- Generation Time: Aug 11, 2023 at 04:47 PM
-- Server version: 8.0.34
-- PHP Version: 8.1.16

SET SQL_MODE = "NO_AUTO_VALUE_ON_ZERO";
START TRANSACTION;
SET time_zone = "+00:00";


/*!40101 SET @OLD_CHARACTER_SET_CLIENT=@@CHARACTER_SET_CLIENT */;
/*!40101 SET @OLD_CHARACTER_SET_RESULTS=@@CHARACTER_SET_RESULTS */;
/*!40101 SET @OLD_COLLATION_CONNECTION=@@COLLATION_CONNECTION */;
/*!40101 SET NAMES utf8mb4 */;

--
-- Database: `visarjan_mv_db`
--

-- --------------------------------------------------------

--
-- Table structure for table `activity_master`
--

CREATE TABLE `activity_master` (
  `activity_id` int NOT NULL,
  `category_id` int DEFAULT NULL,
  `competition_type` int NOT NULL DEFAULT '1',
  `dept_id` int DEFAULT NULL,
  `activity_name` text CHARACTER SET utf8mb3 COLLATE utf8mb3_general_ci,
  `marks` int DEFAULT NULL,
  `inserted_dt` datetime DEFAULT NULL,
  `inserted_by` int DEFAULT NULL,
  `updated_at` datetime DEFAULT NULL,
  `updated_by` int DEFAULT NULL,
  `deleted_by` int DEFAULT NULL,
  `deleted_at` datetime DEFAULT NULL,
  `created_at` timestamp NULL DEFAULT NULL,
  `created_by` int DEFAULT NULL
) ENGINE=InnoDB DEFAULT CHARSET=latin1;

--
-- Dumping data for table `activity_master`
--

INSERT INTO `activity_master` (`activity_id`, `category_id`, `competition_type`, `dept_id`, `activity_name`, `marks`, `inserted_dt`, `inserted_by`, `updated_at`, `updated_by`, `deleted_by`, `deleted_at`, `created_at`, `created_by`) VALUES
(1, 1, 1, 1, 'ओला-सुका कचरा वर्गीकरण', 10, '2023-08-03 11:53:25', 90, NULL, NULL, NULL, NULL, NULL, NULL),
(2, 1, 1, 1, 'ओल्या कचऱ्यापासून खत निर्मिती', 10, '2023-08-03 11:55:51', 90, NULL, NULL, NULL, NULL, NULL, NULL),
(3, 1, 1, 1, 'हरित कचरा व्यवस्थापन', 10, '2023-08-03 11:56:36', 90, NULL, NULL, NULL, NULL, NULL, NULL),
(4, 1, 1, 1, 'प्लास्टिक कचरा वर्गीकरण संकलन व पुनर्चक्रीकरण (TMC authorized originations)', 10, '2023-08-03 11:58:28', 90, NULL, NULL, NULL, NULL, NULL, NULL),
(5, 1, 1, 1, 'E-waste वर्गीकरण संकलन व पुनर्चक्रीकरण', 10, '2023-08-03 12:01:15', 90, NULL, NULL, NULL, NULL, NULL, NULL),
(6, 1, 1, 1, 'जैववैद्यकीय कचऱ्याचे नियमानुसार व्यवस्थापन', 10, '2023-08-03 12:02:19', 90, NULL, NULL, NULL, NULL, NULL, NULL),
(7, 1, 1, 2, 'स्पर्धा कालावधी ५ वृक्ष लागवड (६फूट उंची ) केली व नियमित निगा व देखभाल राखली', 10, '2023-08-03 12:05:47', 90, NULL, NULL, NULL, NULL, NULL, NULL),
(8, 1, 1, 2, '५ इको टूर आयोजित केल्या', 10, '2023-08-03 12:06:28', 90, NULL, NULL, NULL, NULL, NULL, NULL),
(9, 1, 1, 3, 'LED दिवे लावणे', 10, '2023-08-03 12:07:22', 90, NULL, NULL, NULL, NULL, NULL, NULL),
(10, 1, 1, 3, 'Solar Roof करणे', 10, '2023-08-03 12:08:05', 90, NULL, NULL, NULL, NULL, NULL, NULL),
(11, 1, 1, 3, 'E-Charging', 10, '2023-08-03 12:09:28', 90, NULL, NULL, NULL, NULL, NULL, NULL),
(12, 1, 1, 4, 'RWH (Rain Water Harvesting)', 10, '2023-08-03 12:10:48', 90, NULL, NULL, NULL, NULL, NULL, NULL),
(13, 1, 1, 4, 'Rain Water Percolation Pit', 10, '2023-08-03 12:12:28', 90, NULL, NULL, NULL, NULL, NULL, NULL),
(14, 1, 1, 4, 'Borewell Recharging', 10, '2023-08-03 12:12:57', 90, NULL, NULL, NULL, NULL, NULL, NULL),
(15, 1, 1, 4, 'STP सुस्थितीत राखणे', 10, '2023-08-03 12:13:33', 90, NULL, NULL, NULL, NULL, NULL, NULL),
(16, 1, 1, 4, 'Water audit', 10, '2023-08-03 12:20:47', 90, NULL, NULL, NULL, NULL, NULL, NULL),
(17, 1, 1, 3, 'Energy audit', 10, '2023-08-03 12:24:05', 90, NULL, NULL, NULL, NULL, NULL, NULL),
(18, 1, 1, 4, 'Fresh water consumption reduce (tap change,leakage prevention,use of solar pumps,automatic timer,etc)', 10, '2023-08-03 12:25:31', 90, NULL, NULL, 90, '2023-08-05 05:03:05', NULL, NULL),
(19, 2, 1, 1, 'ओला-सुका कचरा वर्गीकरण', 10, '2023-08-03 11:53:25', 90, NULL, NULL, NULL, NULL, NULL, NULL),
(20, 2, 1, 1, 'ओल्या कचऱ्यापासून खत निर्मिती', 10, '2023-08-03 11:55:51', 90, NULL, NULL, NULL, NULL, NULL, NULL),
(21, 2, 1, 1, 'हरित कचरा व्यवस्थापन', 10, '2023-08-03 11:56:36', 90, NULL, NULL, NULL, NULL, NULL, NULL),
(22, 2, 1, 1, 'प्लास्टिक कचरा वर्गीकरण संकलन व पुनर्चक्रीकरण (TMC authorized originations)', 10, '2023-08-03 11:58:28', 90, NULL, NULL, NULL, NULL, NULL, NULL),
(23, 2, 1, 1, 'E-waste वर्गीकरण संकलन व पुनर्चक्रीकरण', 10, '2023-08-03 12:01:15', 90, NULL, NULL, NULL, NULL, NULL, NULL),
(24, 2, 1, 1, 'जैववैद्यकीय कचऱ्याचे नियमानुसार व्यवस्थापन', 10, '2023-08-03 12:02:19', 90, NULL, NULL, NULL, NULL, NULL, NULL),
(25, 2, 1, 2, 'स्पर्धा कालावधी ५ वृक्ष लागवड (६फूट उंची ) केली व नियमित निगा व देखभाल राखली', 10, '2023-08-03 12:05:47', 90, NULL, NULL, NULL, NULL, NULL, NULL),
(26, 2, 1, 2, '५ इको टूर आयोजित केल्या', 10, '2023-08-03 12:06:28', 90, NULL, NULL, NULL, NULL, NULL, NULL),
(27, 2, 1, 3, 'LED दिवे लावणे', 10, '2023-08-03 12:07:22', 90, NULL, NULL, NULL, NULL, NULL, NULL),
(28, 2, 1, 3, 'Solar Roof करणे', 10, '2023-08-03 12:08:05', 90, NULL, NULL, NULL, NULL, NULL, NULL),
(29, 2, 1, 3, 'E-Charging', 10, '2023-08-03 12:09:28', 90, NULL, NULL, NULL, NULL, NULL, NULL),
(30, 2, 1, 4, 'RWH (Rain Water Harvesting)', 10, '2023-08-03 12:10:48', 90, NULL, NULL, NULL, NULL, NULL, NULL),
(31, 2, 1, 4, 'Rain Water Percolation Pit', 10, '2023-08-03 12:12:28', 90, NULL, NULL, NULL, NULL, NULL, NULL),
(32, 2, 1, 4, 'Borewell Recharging', 10, '2023-08-03 12:12:57', 90, NULL, NULL, NULL, NULL, NULL, NULL),
(33, 2, 1, 4, 'STP सुस्थितीत राखणे', 10, '2023-08-03 12:13:33', 90, NULL, NULL, NULL, NULL, NULL, NULL),
(34, 2, 1, 4, 'Water audit', 10, '2023-08-03 12:20:47', 90, NULL, NULL, NULL, NULL, NULL, NULL),
(35, 2, 1, 3, 'Energy audit', 10, '2023-08-03 12:24:05', 90, NULL, NULL, NULL, NULL, NULL, NULL),
(36, 2, 1, 4, 'Fresh water consumption reduce (tap change,leakage prevention,use of solar pumps,automatic timer,etc)', 10, '2023-08-03 12:25:31', 90, NULL, NULL, 90, '2023-08-05 05:03:12', NULL, NULL),
(37, 3, 1, 1, 'ओला-सुका कचरा वर्गीकरण', 10, '2023-08-03 11:53:25', 90, NULL, NULL, NULL, NULL, NULL, NULL),
(38, 3, 1, 1, 'ओल्या कचऱ्यापासून खत निर्मिती', 10, '2023-08-03 11:55:51', 90, NULL, NULL, NULL, NULL, NULL, NULL),
(39, 3, 1, 1, 'हरित कचरा व्यवस्थापन', 10, '2023-08-03 11:56:36', 90, NULL, NULL, NULL, NULL, NULL, NULL),
(40, 3, 1, 1, 'प्लास्टिक कचरा वर्गीकरण संकलन व पुनर्चक्रीकरण (TMC authorized originations)', 10, '2023-08-03 11:58:28', 90, NULL, NULL, NULL, NULL, NULL, NULL),
(41, 3, 1, 1, 'E-waste वर्गीकरण संकलन व पुनर्चक्रीकरण', 10, '2023-08-03 12:01:15', 90, NULL, NULL, NULL, NULL, NULL, NULL),
(42, 3, 1, 1, 'जैववैद्यकीय कचऱ्याचे नियमानुसार व्यवस्थापन', 10, '2023-08-03 12:02:19', 90, NULL, NULL, NULL, NULL, NULL, NULL),
(43, 3, 1, 2, 'स्पर्धा कालावधी ५ वृक्ष लागवड (६फूट उंची ) केली व नियमित निगा व देखभाल राखली', 10, '2023-08-03 12:05:47', 90, NULL, NULL, NULL, NULL, NULL, NULL),
(44, 3, 1, 2, '५ इको टूर आयोजित केल्या', 10, '2023-08-03 12:06:28', 90, NULL, NULL, NULL, NULL, NULL, NULL),
(45, 3, 1, 3, 'LED दिवे लावणे', 10, '2023-08-03 12:07:22', 90, NULL, NULL, NULL, NULL, NULL, NULL),
(46, 3, 1, 3, 'Solar Roof करणे', 10, '2023-08-03 12:08:05', 90, NULL, NULL, NULL, NULL, NULL, NULL),
(47, 3, 1, 3, 'E-Charging', 10, '2023-08-03 12:09:28', 90, NULL, NULL, NULL, NULL, NULL, NULL),
(48, 3, 1, 4, 'RWH (Rain Water Harvesting)', 10, '2023-08-03 12:10:48', 90, NULL, NULL, NULL, NULL, NULL, NULL),
(49, 3, 1, 4, 'Rain Water Percolation Pit', 10, '2023-08-03 12:12:28', 90, NULL, NULL, NULL, NULL, NULL, NULL),
(50, 3, 1, 4, 'Borewell Recharging', 10, '2023-08-03 12:12:57', 90, NULL, NULL, NULL, NULL, NULL, NULL),
(51, 3, 1, 4, 'STP सुस्थितीत राखणे', 10, '2023-08-03 12:13:33', 90, NULL, NULL, NULL, NULL, NULL, NULL),
(52, 3, 1, 4, 'Water audit', 10, '2023-08-03 12:20:47', 90, NULL, NULL, NULL, NULL, NULL, NULL),
(53, 3, 1, 3, 'Energy audit', 10, '2023-08-03 12:24:05', 90, NULL, NULL, NULL, NULL, NULL, NULL),
(54, 3, 1, 4, 'Fresh water consumption reduce (tap change,leakage prevention,use of solar pumps,automatic timer,etc)', 10, '2023-08-03 12:25:31', 90, NULL, NULL, 90, '2023-08-05 05:03:21', NULL, NULL),
(55, 4, 1, 1, 'ओला-सुका कचरा वर्गीकरण', 10, '2023-08-03 11:53:25', 90, NULL, NULL, NULL, NULL, NULL, NULL),
(56, 4, 1, 1, 'ओल्या कचऱ्यापासून खत निर्मिती', 10, '2023-08-03 11:55:51', 90, NULL, NULL, NULL, NULL, NULL, NULL),
(57, 4, 1, 1, 'हरित कचरा व्यवस्थापन', 10, '2023-08-03 11:56:36', 90, NULL, NULL, NULL, NULL, NULL, NULL),
(58, 4, 1, 1, 'प्लास्टिक कचरा वर्गीकरण संकलन व पुनर्चक्रीकरण (TMC authorized originations)', 10, '2023-08-03 11:58:28', 90, NULL, NULL, NULL, NULL, NULL, NULL),
(59, 4, 1, 1, 'E-waste वर्गीकरण संकलन व पुनर्चक्रीकरण', 10, '2023-08-03 12:01:15', 90, NULL, NULL, NULL, NULL, NULL, NULL),
(60, 4, 1, 1, 'जैववैद्यकीय कचऱ्याचे नियमानुसार व्यवस्थापन', 10, '2023-08-03 12:02:19', 90, NULL, NULL, NULL, NULL, NULL, NULL),
(61, 4, 1, 2, 'स्पर्धा कालावधी ५ वृक्ष लागवड (६फूट उंची ) केली व नियमित निगा व देखभाल राखली', 10, '2023-08-03 12:05:47', 90, NULL, NULL, NULL, NULL, NULL, NULL),
(62, 4, 1, 2, '५ इको टूर आयोजित केल्या', 10, '2023-08-03 12:06:28', 90, NULL, NULL, NULL, NULL, NULL, NULL),
(63, 4, 1, 3, 'LED दिवे लावणे', 10, '2023-08-03 12:07:22', 90, NULL, NULL, NULL, NULL, NULL, NULL),
(64, 4, 1, 3, 'Solar Roof करणे', 10, '2023-08-03 12:08:05', 90, NULL, NULL, NULL, NULL, NULL, NULL),
(65, 4, 1, 3, 'E-Charging', 10, '2023-08-03 12:09:28', 90, NULL, NULL, NULL, NULL, NULL, NULL),
(66, 4, 1, 4, 'RWH (Rain Water Harvesting)', 10, '2023-08-03 12:10:48', 90, NULL, NULL, NULL, NULL, NULL, NULL),
(67, 4, 1, 4, 'Rain Water Percolation Pit', 10, '2023-08-03 12:12:28', 90, NULL, NULL, NULL, NULL, NULL, NULL),
(68, 4, 1, 4, 'Borewell Recharging', 10, '2023-08-03 12:12:57', 90, NULL, NULL, NULL, NULL, NULL, NULL),
(69, 4, 1, 4, 'STP सुस्थितीत राखणे', 10, '2023-08-03 12:13:33', 90, NULL, NULL, NULL, NULL, NULL, NULL),
(70, 4, 1, 4, 'Water audit', 10, '2023-08-03 12:20:47', 90, NULL, NULL, NULL, NULL, NULL, NULL),
(71, 4, 1, 3, 'Energy audit', 10, '2023-08-03 12:24:05', 90, NULL, NULL, NULL, NULL, NULL, NULL),
(72, 4, 1, 4, 'Fresh water consumption reduce (tap change,leakage prevention,use of solar pumps,automatic timer,etc)', 10, '2023-08-03 12:25:31', 90, NULL, NULL, 90, '2023-08-05 05:01:34', NULL, NULL),
(73, 5, 1, 1, 'ओला-सुका कचरा वर्गीकरण', 10, '2023-08-03 11:53:25', 90, NULL, NULL, NULL, NULL, NULL, NULL),
(74, 5, 1, 1, 'ओल्या कचऱ्यापासून खत निर्मिती', 10, '2023-08-03 11:55:51', 90, NULL, NULL, NULL, NULL, NULL, NULL),
(75, 5, 1, 1, 'हरित कचरा व्यवस्थापन', 10, '2023-08-03 11:56:36', 90, NULL, NULL, NULL, NULL, NULL, NULL),
(76, 5, 1, 1, 'प्लास्टिक कचरा वर्गीकरण संकलन व पुनर्चक्रीकरण (TMC authorized originations)', 10, '2023-08-03 11:58:28', 90, NULL, NULL, NULL, NULL, NULL, NULL),
(77, 5, 1, 1, 'E-waste वर्गीकरण संकलन व पुनर्चक्रीकरण', 10, '2023-08-03 12:01:15', 90, NULL, NULL, NULL, NULL, NULL, NULL),
(78, 5, 1, 1, 'जैववैद्यकीय कचऱ्याचे नियमानुसार व्यवस्थापन', 10, '2023-08-03 12:02:19', 90, NULL, NULL, NULL, NULL, NULL, NULL),
(79, 5, 1, 2, 'स्पर्धा कालावधी ५ वृक्ष लागवड (६फूट उंची ) केली व नियमित निगा व देखभाल राखली', 10, '2023-08-03 12:05:47', 90, NULL, NULL, NULL, NULL, NULL, NULL),
(80, 5, 1, 2, '५ इको टूर आयोजित केल्या', 10, '2023-08-03 12:06:28', 90, NULL, NULL, NULL, NULL, NULL, NULL),
(81, 5, 1, 3, 'LED दिवे लावणे', 10, '2023-08-03 12:07:22', 90, NULL, NULL, NULL, NULL, NULL, NULL),
(82, 5, 1, 3, 'Solar Roof करणे', 10, '2023-08-03 12:08:05', 90, NULL, NULL, NULL, NULL, NULL, NULL),
(83, 5, 1, 3, 'E-Charging', 10, '2023-08-03 12:09:28', 90, NULL, NULL, NULL, NULL, NULL, NULL),
(84, 5, 1, 4, 'RWH (Rain Water Harvesting)', 10, '2023-08-03 12:10:48', 90, NULL, NULL, NULL, NULL, NULL, NULL),
(85, 5, 1, 4, 'Rain Water Percolation Pit', 10, '2023-08-03 12:12:28', 90, NULL, NULL, NULL, NULL, NULL, NULL),
(86, 5, 1, 4, 'Borewell Recharging', 10, '2023-08-03 12:12:57', 90, NULL, NULL, NULL, NULL, NULL, NULL),
(87, 5, 1, 4, 'STP सुस्थितीत राखणे', 10, '2023-08-03 12:13:33', 90, NULL, NULL, NULL, NULL, NULL, NULL),
(88, 5, 1, 4, 'Water audit', 10, '2023-08-03 12:20:47', 90, NULL, NULL, NULL, NULL, NULL, NULL),
(89, 5, 1, 3, 'Energy audit', 10, '2023-08-03 12:24:05', 90, NULL, NULL, NULL, NULL, NULL, NULL),
(90, 5, 1, 4, 'Fresh water consumption reduce (tap change,leakage prevention,use of solar pumps,automatic timer,etc)', 10, '2023-08-03 12:25:31', 90, NULL, NULL, 90, '2023-08-05 05:03:27', NULL, NULL),
(91, 1, 1, 4, 'जनजागृती उपक्रम- किमान १२', 10, '2023-08-03 12:55:21', 90, NULL, NULL, NULL, NULL, NULL, NULL),
(92, 1, 1, 3, 'जनजागृती उपक्रम- किमान १२', 10, '2023-08-03 12:55:46', 90, NULL, NULL, NULL, NULL, NULL, NULL),
(93, 1, 1, 2, 'जनजागृती उपक्रम- किमान १२', 10, '2023-08-03 12:56:43', 90, NULL, NULL, NULL, NULL, NULL, NULL),
(94, 1, 1, 1, 'जनजागृती उपक्रम- किमान १२', 10, '2023-08-03 12:57:04', 90, NULL, NULL, NULL, NULL, NULL, NULL),
(95, 1, 1, 1, 'पर्यावरण दूत', 10, '2023-08-03 13:01:42', 90, NULL, NULL, NULL, NULL, NULL, NULL),
(96, 2, 1, 1, 'पर्यावरण दूत', 10, '2023-08-03 13:02:54', 90, NULL, NULL, NULL, NULL, NULL, NULL),
(97, 3, 1, 1, 'पर्यावरण दूत', 10, '2023-08-03 13:03:10', 90, NULL, NULL, NULL, NULL, NULL, NULL),
(98, 4, 1, 1, 'पर्यावरण दूत', 10, '2023-08-03 13:03:22', 90, NULL, NULL, NULL, NULL, NULL, NULL),
(99, 5, 1, 1, 'पर्यावरण दूत', 10, '2023-08-03 13:03:33', 90, NULL, NULL, NULL, NULL, NULL, NULL),
(100, 1, 1, 2, 'पर्यावरण दूत', 10, '2023-08-03 13:03:52', 90, NULL, NULL, NULL, NULL, NULL, NULL),
(101, 2, 1, 2, 'पर्यावरण दूत', 10, '2023-08-03 13:04:02', 90, NULL, NULL, NULL, NULL, NULL, NULL),
(102, 3, 1, 2, 'पर्यावरण दूत', 10, '2023-08-03 13:04:18', 90, NULL, NULL, NULL, NULL, NULL, NULL),
(103, 4, 1, 2, 'पर्यावरण दूत', 10, '2023-08-03 13:04:32', 90, NULL, NULL, NULL, NULL, NULL, NULL),
(104, 5, 1, 2, 'पर्यावरण दूत', 10, '2023-08-03 13:04:45', 90, NULL, NULL, NULL, NULL, NULL, NULL),
(105, 1, 1, 3, 'पर्यावरण दूत', 10, '2023-08-03 13:04:55', 90, NULL, NULL, 90, '2023-08-04 12:03:17', NULL, NULL),
(106, 1, 1, 3, 'पर्यावरण दूत', 10, '2023-08-03 13:05:15', 90, NULL, NULL, NULL, NULL, NULL, NULL),
(107, 2, 1, 3, 'पर्यावरण दूत', 10, '2023-08-03 13:05:27', 90, NULL, NULL, NULL, NULL, NULL, NULL),
(108, 3, 1, 3, 'पर्यावरण दूत', 10, '2023-08-03 13:05:42', 90, NULL, NULL, NULL, NULL, NULL, NULL),
(109, 4, 1, 3, 'पर्यावरण दूत', 10, '2023-08-03 13:05:54', 90, NULL, NULL, NULL, NULL, NULL, NULL),
(110, 5, 1, 3, 'पर्यावरण दूत', 10, '2023-08-03 13:06:05', 90, NULL, NULL, NULL, NULL, NULL, NULL),
(111, 1, 1, 4, 'पर्यावरण दूत', 10, '2023-08-03 13:06:18', 90, NULL, NULL, NULL, NULL, NULL, NULL),
(112, 2, 1, 4, 'पर्यावरण दूत', 10, '2023-08-03 13:06:30', 90, NULL, NULL, NULL, NULL, NULL, NULL),
(113, 3, 1, 4, 'पर्यावरण दूत', 10, '2023-08-03 13:06:46', 90, NULL, NULL, NULL, NULL, NULL, NULL),
(114, 4, 1, 4, 'पर्यावरण दूत', 10, '2023-08-03 13:06:57', 90, NULL, NULL, NULL, NULL, NULL, NULL),
(115, 5, 1, 4, 'पर्यावरण दूत', 10, '2023-08-03 13:07:15', 90, NULL, NULL, NULL, NULL, NULL, NULL),
(116, 2, 1, 4, 'पर्यावरण सेवा (शाळा व कनिष्ठ महाविद्यालयांकरिता मर्यादित )', 10, '2023-08-03 13:09:31', 90, NULL, NULL, NULL, NULL, NULL, NULL),
(117, 2, 1, 3, 'पर्यावरण सेवा (शाळा व कनिष्ठ महाविद्यालयांकरिता मर्यादित )', 10, '2023-08-03 13:09:42', 90, NULL, NULL, NULL, NULL, NULL, NULL),
(118, 2, 1, 2, 'पर्यावरण सेवा (शाळा व कनिष्ठ महाविद्यालयांकरिता मर्यादित )', 10, '2023-08-03 13:09:52', 90, NULL, NULL, NULL, NULL, NULL, NULL),
(119, 2, 1, 1, 'पर्यावरण सेवा (शाळा व कनिष्ठ महाविद्यालयांकरिता मर्यादित )', 10, '2023-08-03 13:10:09', 90, NULL, NULL, NULL, NULL, NULL, NULL),
(120, 1, 1, 4, 'E-Pledge', 10, '2023-08-03 13:11:08', 90, NULL, NULL, NULL, NULL, NULL, NULL),
(121, 1, 1, 3, 'E-Pledge', 10, '2023-08-03 13:11:40', 90, NULL, NULL, NULL, NULL, NULL, NULL),
(122, 1, 1, 2, 'E-Pledge', 10, '2023-08-03 13:13:24', 90, NULL, NULL, NULL, NULL, NULL, NULL),
(123, 1, 1, 1, 'E-Pledge', 10, '2023-08-03 13:13:34', 90, NULL, NULL, NULL, NULL, NULL, NULL),
(124, 2, 1, 4, 'E-Pledge', 10, '2023-08-03 13:14:08', 90, NULL, NULL, NULL, NULL, NULL, NULL),
(125, 2, 1, 3, 'E-Pledge', 10, '2023-08-03 13:14:21', 90, NULL, NULL, NULL, NULL, NULL, NULL),
(126, 2, 1, 2, 'E-Pledge', 10, '2023-08-03 13:14:43', 90, NULL, NULL, NULL, NULL, NULL, NULL),
(127, 2, 1, 1, 'E-Pledge', 10, '2023-08-03 13:14:56', 90, NULL, NULL, NULL, NULL, NULL, NULL),
(128, 3, 1, 4, 'E-Pledge', 10, '2023-08-03 13:15:23', 90, NULL, NULL, NULL, NULL, NULL, NULL),
(129, 3, 1, 3, 'E-Pledge', 10, '2023-08-03 13:15:41', 90, NULL, NULL, NULL, NULL, NULL, NULL),
(130, 3, 1, 2, 'E-Pledge', 10, '2023-08-03 13:17:23', 90, NULL, NULL, NULL, NULL, NULL, NULL),
(131, 3, 1, 1, 'E-Pledge', 10, '2023-08-03 13:18:08', 90, NULL, NULL, NULL, NULL, NULL, NULL),
(132, 4, 1, 4, 'E-Pledge', 10, '2023-08-03 13:19:11', 90, NULL, NULL, NULL, NULL, NULL, NULL),
(133, 4, 1, 3, 'E-Pledge', 10, '2023-08-03 13:20:18', 90, NULL, NULL, NULL, NULL, NULL, NULL),
(134, 4, 1, 2, 'E-Pledge', 10, '2023-08-03 13:21:02', 90, NULL, NULL, NULL, NULL, NULL, NULL),
(135, 4, 1, 1, 'E-Pledge', 10, '2023-08-03 13:22:02', 90, NULL, NULL, NULL, NULL, NULL, NULL),
(136, 5, 1, 4, 'E-Pledge', 10, '2023-08-03 13:22:55', 90, NULL, NULL, NULL, NULL, NULL, NULL),
(137, 5, 1, 3, 'E-Pledge', 10, '2023-08-03 13:23:50', 90, NULL, NULL, NULL, NULL, NULL, NULL),
(138, 5, 1, 2, 'E-Pledge', 10, '2023-08-03 13:24:38', 90, NULL, NULL, NULL, NULL, NULL, NULL),
(139, 5, 1, 1, 'E-Pledge', 10, '2023-08-03 13:25:14', 90, NULL, NULL, NULL, NULL, NULL, NULL),
(140, 1, 1, 4, 'सोशल मीडियावर व्याप्ती (TMC Page)', 10, '2023-08-04 06:04:20', 90, NULL, NULL, NULL, NULL, NULL, NULL),
(141, 1, 1, 3, 'सोशल मीडियावर व्याप्ती (TMC Page)', 10, '2023-08-04 06:04:39', 90, NULL, NULL, NULL, NULL, NULL, NULL),
(142, 1, 1, 2, 'सोशल मीडियावर व्याप्ती (TMC Page)', 10, '2023-08-04 06:05:27', 90, NULL, NULL, NULL, NULL, NULL, NULL),
(143, 1, 1, 3, 'सोशल मीडियावर व्याप्ती (TMC Page)', 10, '2023-08-04 06:06:12', 90, '2023-08-04 06:08:22', 90, 90, '2023-08-04 06:08:44', NULL, NULL),
(144, 1, 1, 1, 'सोशल मीडियावर व्याप्ती (TMC Page)', 10, '2023-08-04 06:06:42', 90, NULL, NULL, NULL, NULL, NULL, NULL),
(145, 2, 1, 4, 'सोशल मीडियावर व्याप्ती (TMC Page)', 10, '2023-08-04 06:07:29', 90, NULL, NULL, NULL, NULL, NULL, NULL),
(146, 2, 1, 3, 'सोशल मीडियावर व्याप्ती (TMC Page)', 10, '2023-08-04 06:09:24', 90, NULL, NULL, NULL, NULL, NULL, NULL),
(147, 2, 1, 2, 'सोशल मीडियावर व्याप्ती (TMC Page)', 10, '2023-08-04 06:11:04', 90, NULL, NULL, NULL, NULL, NULL, NULL),
(148, 2, 1, 1, 'सोशल मीडियावर व्याप्ती (TMC Page)', 10, '2023-08-04 06:12:07', 90, NULL, NULL, NULL, NULL, NULL, NULL),
(149, 3, 1, 4, 'सोशल मीडियावर व्याप्ती (TMC Page)', 10, '2023-08-04 06:13:59', 90, NULL, NULL, NULL, NULL, NULL, NULL),
(150, 3, 1, 3, 'सोशल मीडियावर व्याप्ती (TMC Page)', 10, '2023-08-04 06:14:48', 90, NULL, NULL, NULL, NULL, NULL, NULL),
(151, 3, 1, 2, 'सोशल मीडियावर व्याप्ती (TMC Page)', 10, '2023-08-04 06:15:09', 90, NULL, NULL, NULL, NULL, NULL, NULL),
(152, 3, 1, 1, 'सोशल मीडियावर व्याप्ती (TMC Page)', 10, '2023-08-04 06:15:21', 90, NULL, NULL, NULL, NULL, NULL, NULL),
(153, 4, 1, 4, 'सोशल मीडियावर व्याप्ती (TMC Page)', 10, '2023-08-04 06:15:39', 90, NULL, NULL, NULL, NULL, NULL, NULL),
(154, 4, 1, 3, 'सोशल मीडियावर व्याप्ती (TMC Page)', 10, '2023-08-04 06:15:53', 90, NULL, NULL, NULL, NULL, NULL, NULL),
(155, 4, 1, 2, 'सोशल मीडियावर व्याप्ती (TMC Page)', 10, '2023-08-04 06:16:05', 90, NULL, NULL, NULL, NULL, NULL, NULL),
(156, 4, 1, 1, 'सोशल मीडियावर व्याप्ती (TMC Page)', 10, '2023-08-04 06:16:32', 90, NULL, NULL, NULL, NULL, NULL, NULL),
(157, 5, 1, 4, 'सोशल मीडियावर व्याप्ती (TMC Page)', 10, '2023-08-04 06:16:45', 90, NULL, NULL, NULL, NULL, NULL, NULL),
(158, 5, 1, 3, 'सोशल मीडियावर व्याप्ती (TMC Page)', 10, '2023-08-04 06:17:01', 90, NULL, NULL, NULL, NULL, NULL, NULL),
(159, 5, 1, 2, 'सोशल मीडियावर व्याप्ती (TMC Page)', 10, '2023-08-04 06:17:29', 90, NULL, NULL, NULL, NULL, NULL, NULL),
(160, 5, 1, 1, 'सोशल मीडियावर व्याप्ती (TMC Page)', 10, '2023-08-04 06:17:43', 90, NULL, NULL, NULL, NULL, NULL, NULL),
(161, 1, 2, 4, 'माहिती पट  (documentary)', 100, '2023-08-04 09:13:24', 90, NULL, NULL, NULL, NULL, NULL, NULL),
(162, 1, 2, 3, 'माहिती पट (documentary)', 100, '2023-08-04 09:13:56', 90, NULL, NULL, NULL, NULL, NULL, NULL),
(163, 1, 2, 2, 'माहिती पट ( documentary )', 100, '2023-08-04 09:16:38', 90, NULL, NULL, NULL, NULL, NULL, NULL),
(164, 1, 2, 1, 'माहिती पट ( documentary )', 100, '2023-08-04 09:18:14', 90, NULL, NULL, NULL, NULL, NULL, NULL),
(165, 1, 2, 4, 'पथनाट्य (Street Play)', 100, '2023-08-04 09:20:45', 90, '2023-08-04 11:21:06', 115, NULL, NULL, NULL, NULL),
(166, 1, 2, 3, 'पथनाट्य (Street Play)', 100, '2023-08-04 09:22:03', 90, NULL, NULL, NULL, NULL, NULL, NULL),
(167, 1, 2, 2, 'पथनाट्य (Street Play)', 100, '2023-08-04 09:23:12', 90, NULL, NULL, NULL, NULL, NULL, NULL),
(168, 1, 2, 1, 'पथनाट्य (Street Play)', 100, '2023-08-04 09:23:36', 90, NULL, NULL, NULL, NULL, NULL, NULL),
(169, 1, 2, 4, 'माझी वसुंधरा अभियानाचा प्रसार(promulgation of Majhi \r\nVasundhara)', 100, '2023-08-04 09:29:25', 90, NULL, NULL, NULL, NULL, NULL, NULL),
(170, 1, 2, 3, 'माझी वसुंधरा अभियानाचा प्रसार(promulgation of Majhi \r\nVasundhara)', 100, '2023-08-04 09:30:32', 90, NULL, NULL, NULL, NULL, NULL, NULL),
(171, 1, 2, 2, 'माझी वसुंधरा अभियानाचा प्रसार(promulgation of Majhi \r\nVasundhara)', 100, '2023-08-04 09:30:57', 90, NULL, NULL, NULL, NULL, NULL, NULL),
(172, 1, 2, 1, 'माझी वसुंधरा अभियानाचा प्रसार(promulgation of Majhi \r\nVasundhara)', 100, '2023-08-04 09:31:14', 90, NULL, NULL, NULL, NULL, NULL, NULL),
(173, 2, 2, 4, 'माहिती पट ( documentary )', 100, '2023-08-04 09:33:25', 90, NULL, NULL, NULL, NULL, NULL, NULL),
(174, 2, 2, 3, 'माहिती पट ( documentary )', 100, '2023-08-04 09:34:13', 90, NULL, NULL, NULL, NULL, NULL, NULL),
(175, 2, 2, 2, 'माहिती पट ( documentary )', 100, '2023-08-04 09:34:59', 90, NULL, NULL, NULL, NULL, NULL, NULL),
(176, 2, 2, 1, 'माहिती पट ( documentary )', 100, '2023-08-04 09:35:30', 90, NULL, NULL, NULL, NULL, NULL, NULL),
(177, 2, 2, 4, 'पथनाट्य (Street Play)', 100, '2023-08-04 09:35:47', 90, NULL, NULL, NULL, NULL, NULL, NULL),
(178, 2, 2, 3, 'पथनाट्य (Street Play)', 100, '2023-08-04 09:36:02', 90, NULL, NULL, NULL, NULL, NULL, NULL),
(179, 2, 2, 2, 'पथनाट्य (Street Play)', 100, '2023-08-04 09:36:20', 90, NULL, NULL, NULL, NULL, NULL, NULL),
(180, 2, 2, 1, 'पथनाट्य (Street Play)', 100, '2023-08-04 09:37:01', 90, NULL, NULL, NULL, NULL, NULL, NULL),
(181, 2, 2, 4, 'माझी वसुंधरा अभियानाचा प्रसार(promulgation of Majhi \r\nVasundhara)', 100, '2023-08-04 09:37:13', 90, NULL, NULL, NULL, NULL, NULL, NULL),
(182, 2, 2, 3, 'माझी वसुंधरा अभियानाचा प्रसार(promulgation of Majhi \r\nVasundhara)', 100, '2023-08-04 09:37:37', 90, NULL, NULL, NULL, NULL, NULL, NULL),
(183, 2, 2, 2, 'माझी वसुंधरा अभियानाचा प्रसार(promulgation of Majhi \r\nVasundhara)', 100, '2023-08-04 09:39:13', 90, NULL, NULL, NULL, NULL, NULL, NULL),
(184, 2, 2, 1, 'माझी वसुंधरा अभियानाचा प्रसार(promulgation of Majhi \r\nVasundhara)', 100, '2023-08-04 09:39:30', 90, NULL, NULL, NULL, NULL, NULL, NULL),
(185, 3, 2, 4, 'माहिती पट ( documentary )', 100, '2023-08-04 09:40:08', 90, NULL, NULL, NULL, NULL, NULL, NULL),
(186, 3, 2, 3, 'माहिती पट ( documentary )', 100, '2023-08-04 09:40:23', 90, NULL, NULL, NULL, NULL, NULL, NULL),
(187, 3, 2, 2, 'माहिती पट ( documentary )', 100, '2023-08-04 09:44:15', 90, NULL, NULL, NULL, NULL, NULL, NULL),
(188, 3, 2, 1, 'माहिती पट ( documentary )', 100, '2023-08-04 09:44:33', 90, NULL, NULL, NULL, NULL, NULL, NULL),
(189, 3, 2, 4, 'पथनाट्य (Street Play)', 100, '2023-08-04 09:45:02', 90, NULL, NULL, NULL, NULL, NULL, NULL),
(190, 3, 2, 3, 'पथनाट्य (Street Play)', 100, '2023-08-04 09:45:17', 90, NULL, NULL, NULL, NULL, NULL, NULL),
(191, 3, 2, 2, 'पथनाट्य (Street Play)', 100, '2023-08-04 09:46:11', 90, NULL, NULL, NULL, NULL, NULL, NULL),
(192, 3, 2, 1, 'पथनाट्य (Street Play)', 100, '2023-08-04 09:46:51', 90, NULL, NULL, NULL, NULL, NULL, NULL),
(193, 3, 2, 4, 'माझी वसुंधरा अभियानाचा प्रसार(promulgation of Majhi \r\nVasundhara)', 100, '2023-08-04 09:47:13', 90, NULL, NULL, NULL, NULL, NULL, NULL),
(194, 3, 2, 3, 'माझी वसुंधरा अभियानाचा प्रसार(promulgation of Majhi \r\nVasundhara)', 100, '2023-08-04 09:47:57', 90, NULL, NULL, NULL, NULL, NULL, NULL),
(195, 3, 2, 2, 'माझी वसुंधरा अभियानाचा प्रसार(promulgation of Majhi \r\nVasundhara)', 100, '2023-08-04 09:48:20', 90, NULL, NULL, NULL, NULL, NULL, NULL),
(196, 3, 2, 1, 'माझी वसुंधरा अभियानाचा प्रसार(promulgation of Majhi \r\nVasundhara)', 100, '2023-08-04 09:48:41', 90, NULL, NULL, NULL, NULL, NULL, NULL),
(197, 4, 2, 4, 'माहिती पट ( documentary )', 100, '2023-08-04 09:50:51', 90, NULL, NULL, NULL, NULL, NULL, NULL),
(198, 4, 2, 3, 'माहिती पट ( documentary )', 100, '2023-08-04 09:53:58', 90, NULL, NULL, NULL, NULL, NULL, NULL),
(199, 4, 2, 2, 'माहिती पट ( documentary )', 100, '2023-08-04 09:54:14', 90, NULL, NULL, NULL, NULL, NULL, NULL),
(200, 4, 2, 1, 'माहिती पट ( documentary )', 100, '2023-08-04 09:54:41', 90, NULL, NULL, NULL, NULL, NULL, NULL),
(201, 4, 2, 4, 'पथनाट्य (Street Play)', 100, '2023-08-04 09:55:07', 90, NULL, NULL, NULL, NULL, NULL, NULL),
(202, 4, 2, 3, 'पथनाट्य (Street Play)', 100, '2023-08-04 09:55:35', 90, NULL, NULL, NULL, NULL, NULL, NULL),
(203, 4, 2, 2, 'पथनाट्य (Street Play)', 100, '2023-08-04 09:56:05', 90, NULL, NULL, NULL, NULL, NULL, NULL),
(204, 4, 2, 1, 'पथनाट्य (Street Play)', 100, '2023-08-04 09:56:37', 90, NULL, NULL, NULL, NULL, NULL, NULL),
(205, 4, 2, 4, 'माझी वसुंधरा अभियानाचा प्रसार(promulgation of Majhi \r\nVasundhara)', 100, '2023-08-04 09:57:02', 90, NULL, NULL, NULL, NULL, NULL, NULL),
(206, 4, 2, 3, 'माझी वसुंधरा अभियानाचा प्रसार(promulgation of Majhi \r\nVasundhara)', 100, '2023-08-04 09:57:15', 90, NULL, NULL, NULL, NULL, NULL, NULL),
(207, 4, 2, 2, 'माझी वसुंधरा अभियानाचा प्रसार(promulgation of Majhi \r\nVasundhara)', 100, '2023-08-04 09:58:02', 90, NULL, NULL, NULL, NULL, NULL, NULL),
(208, 4, 2, 1, 'माझी वसुंधरा अभियानाचा प्रसार(promulgation of Majhi \r\nVasundhara)', 100, '2023-08-04 09:58:33', 90, NULL, NULL, NULL, NULL, NULL, NULL),
(209, 5, 2, 4, 'माहिती पट ( documentary )', 100, '2023-08-04 10:04:19', 90, NULL, NULL, NULL, NULL, NULL, NULL),
(210, 5, 2, 3, 'माहिती पट ( documentary )', 100, '2023-08-04 10:04:37', 90, NULL, NULL, NULL, NULL, NULL, NULL),
(211, 5, 2, 2, 'माहिती पट ( documentary )', 100, '2023-08-04 10:05:35', 90, NULL, NULL, NULL, NULL, NULL, NULL),
(212, 5, 2, 1, 'माहिती पट ( documentary )', 100, '2023-08-04 10:05:55', 90, NULL, NULL, NULL, NULL, NULL, NULL),
(213, 5, 2, 4, 'पथनाट्य (Street Play)', 100, '2023-08-04 10:06:22', 90, NULL, NULL, NULL, NULL, NULL, NULL),
(214, 5, 2, 3, 'पथनाट्य (Street Play)', 100, '2023-08-04 10:07:09', 90, NULL, NULL, NULL, NULL, NULL, NULL),
(215, 5, 2, 2, 'पथनाट्य (Street Play)', 100, '2023-08-04 10:07:56', 90, NULL, NULL, NULL, NULL, NULL, NULL),
(216, 5, 2, 1, 'पथनाट्य (Street Play)', 100, '2023-08-04 10:08:20', 90, NULL, NULL, NULL, NULL, NULL, NULL),
(217, 5, 2, 4, 'माझी वसुंधरा अभियानाचा प्रसार(promulgation of Majhi \r\nVasundhara)', 100, '2023-08-04 10:08:48', 90, NULL, NULL, NULL, NULL, NULL, NULL),
(218, 5, 2, 3, 'माझी वसुंधरा अभियानाचा प्रसार(promulgation of Majhi \r\nVasundhara)', 100, '2023-08-04 10:17:17', 90, NULL, NULL, NULL, NULL, NULL, NULL),
(219, 5, 2, 2, 'माझी वसुंधरा अभियानाचा प्रसार(promulgation of Majhi \r\nVasundhara)', 100, '2023-08-04 10:33:02', 90, NULL, NULL, NULL, NULL, NULL, NULL),
(220, 5, 2, 1, 'माझी वसुंधरा अभियानाचा प्रसार(promulgation of Majhi \r\nVasundhara)', 100, '2023-08-04 10:49:07', 90, NULL, NULL, NULL, NULL, NULL, NULL);

-- --------------------------------------------------------

--
-- Table structure for table `category_master`
--

CREATE TABLE `category_master` (
  `category_id` int NOT NULL,
  `category_name` text CHARACTER SET utf8mb4 COLLATE utf8mb4_0900_ai_ci,
  `inserted_dt` datetime DEFAULT NULL,
  `inserted_by` int DEFAULT NULL,
  `modify_at` datetime DEFAULT NULL,
  `modify_by` int DEFAULT NULL,
  `deleted_by` int DEFAULT NULL,
  `deleted_at` datetime DEFAULT NULL
) ENGINE=InnoDB DEFAULT CHARSET=latin1;

--
-- Dumping data for table `category_master`
--

INSERT INTO `category_master` (`category_id`, `category_name`, `inserted_dt`, `inserted_by`, `modify_at`, `modify_by`, `deleted_by`, `deleted_at`) VALUES
(1, 'गृहसंकुल', NULL, NULL, NULL, NULL, NULL, NULL),
(2, 'शैक्षणिक संस्था', NULL, NULL, NULL, NULL, NULL, NULL),
(3, 'वाणिज्य स्थापना', NULL, NULL, NULL, NULL, NULL, NULL),
(4, 'औद्योगिक संस्था', NULL, NULL, NULL, NULL, NULL, NULL),
(5, 'शासकीय कार्यालय', NULL, NULL, NULL, NULL, NULL, NULL);

-- --------------------------------------------------------

--
-- Table structure for table `class_master`
--

CREATE TABLE `class_master` (
  `class_id` int NOT NULL,
  `activity_id` int DEFAULT NULL,
  `class_name` text CHARACTER SET utf8mb3 COLLATE utf8mb3_general_ci,
  `marks` int DEFAULT NULL,
  `inserted_dt` datetime DEFAULT NULL,
  `inserted_by` int DEFAULT NULL,
  `modify_at` datetime DEFAULT NULL,
  `modify_by` int DEFAULT NULL,
  `deleted_by` int DEFAULT NULL,
  `deleted_dt` datetime DEFAULT NULL
) ENGINE=InnoDB DEFAULT CHARSET=latin1;

--
-- Dumping data for table `class_master`
--

INSERT INTO `class_master` (`class_id`, `activity_id`, `class_name`, `marks`, `inserted_dt`, `inserted_by`, `modify_at`, `modify_by`, `deleted_by`, `deleted_dt`) VALUES
(1, 1, '>71 to 100%', 10, '2023-08-03 11:54:49', 90, NULL, NULL, NULL, NULL),
(2, 2, '>41 to 70%', 5, '2023-08-03 11:56:36', 90, NULL, NULL, 90, '2023-08-03 12:00:16'),
(3, 3, '<40%', 0, '2023-08-03 11:57:12', 90, NULL, NULL, 90, '2023-08-03 12:00:25'),
(4, 4, '>71 to 100%', 10, '2023-08-03 11:59:18', 90, NULL, NULL, 90, '2023-08-03 12:00:19'),
(5, 1, '>41 to 70%', 5, '2023-08-03 12:00:43', 90, NULL, NULL, NULL, NULL),
(6, 1, '<40%', 0, '2023-08-03 12:01:01', 90, NULL, NULL, NULL, NULL),
(7, 2, '>71 to 100%', 10, '2023-08-03 12:01:19', 90, NULL, NULL, NULL, NULL),
(8, 2, '>41 to 70%', 5, '2023-08-03 12:01:33', 90, NULL, NULL, NULL, NULL),
(9, 2, '<40%', 0, '2023-08-03 12:01:48', 90, NULL, NULL, NULL, NULL),
(10, 3, '>71 to 100%', 10, '2023-08-03 12:02:05', 90, NULL, NULL, NULL, NULL),
(11, 3, '>41 to 70%', 5, '2023-08-03 12:02:22', 90, NULL, NULL, NULL, NULL),
(12, 3, '<40%', 0, '2023-08-03 12:02:47', 90, NULL, NULL, NULL, NULL),
(13, 4, '>71 to 100%', 10, '2023-08-03 12:04:30', 90, NULL, NULL, NULL, NULL),
(14, 4, '>41 to 70%', 5, '2023-08-03 12:04:50', 90, NULL, NULL, NULL, NULL),
(15, 4, '<40%', 0, '2023-08-03 12:05:05', 90, NULL, NULL, NULL, NULL),
(16, 5, '>71 to 100%', 10, '2023-08-03 12:05:19', 90, NULL, NULL, NULL, NULL),
(17, 5, '>41 to 70%', 5, '2023-08-03 12:05:53', 90, NULL, NULL, NULL, NULL),
(18, 5, '<40%', 0, '2023-08-03 12:06:10', 90, NULL, NULL, NULL, NULL),
(19, 6, '>71 to 100%', 10, '2023-08-03 12:06:31', 90, NULL, NULL, NULL, NULL),
(20, 6, '>41 to 70%', 5, '2023-08-03 12:06:44', 90, NULL, NULL, NULL, NULL),
(21, 6, '<40%', 0, '2023-08-03 12:07:04', 90, NULL, NULL, NULL, NULL),
(22, 7, '05 or more trees', 10, '2023-08-03 12:08:30', 90, '2023-08-03 12:17:14', 90, NULL, NULL),
(23, 7, '03 or more trees', 5, '2023-08-03 12:09:49', 90, '2023-08-03 12:17:40', 90, NULL, NULL),
(24, 7, '<03 or more trees', 0, '2023-08-03 12:10:20', 90, '2023-08-03 12:18:54', 90, NULL, NULL),
(25, 8, '05 Eco Tours', 10, '2023-08-03 12:10:40', 90, '2023-08-03 12:19:11', 90, NULL, NULL),
(26, 8, '03 Eco Tours', 5, '2023-08-03 12:11:01', 90, '2023-08-03 12:20:00', 90, NULL, NULL),
(27, 8, '<03 Eco Tours', 0, '2023-08-03 12:11:50', 90, '2023-08-03 12:19:38', 90, NULL, NULL),
(28, 9, '>30 LED Lights', 10, '2023-08-03 12:14:10', 90, '2023-08-04 09:37:06', 115, NULL, NULL),
(29, 9, '11-30 LED Lights', 5, '2023-08-03 12:15:30', 90, '2023-08-04 06:20:18', 115, NULL, NULL),
(30, 9, '< 10 LED Lights', 0, '2023-08-03 12:22:33', 90, '2023-08-04 06:20:43', 115, NULL, NULL),
(31, 10, '>30 Solar Roof', 10, '2023-08-03 12:25:51', 90, '2023-08-04 09:39:42', 115, NULL, NULL),
(32, 11, 'Level-1 or 2 Type 2 no\'s  E-Charging Station', 10, '2023-08-03 12:28:31', 90, '2023-08-03 12:33:30', 90, NULL, NULL),
(33, 11, 'Level-1 or 2 Type 1 no\'s  E-Charging Station', 5, '2023-08-03 12:29:14', 90, '2023-08-03 12:33:24', 90, NULL, NULL),
(34, 11, 'No E-Charging Station', 0, '2023-08-03 12:31:16', 90, '2023-08-03 12:33:17', 90, NULL, NULL),
(35, 17, 'Energy Audit Completed & Measures Are Implemented', 10, '2023-08-03 12:35:39', 90, NULL, NULL, NULL, NULL),
(36, 17, 'Energy Audit Completed & But Measures Are Not Implemented', 5, '2023-08-03 12:36:10', 90, NULL, NULL, NULL, NULL),
(37, 17, 'No Energy Audit', 0, '2023-08-03 12:37:39', 90, NULL, NULL, NULL, NULL),
(38, 12, 'Proper and maintained RWH System along with efficient use of water', 10, '2023-08-03 12:39:44', 90, NULL, NULL, NULL, NULL),
(39, 12, 'RWH without use of water', 5, '2023-08-03 12:40:43', 90, '2023-08-03 12:46:35', 90, NULL, NULL),
(40, 12, 'No RWH', 0, '2023-08-03 12:41:22', 90, NULL, NULL, NULL, NULL),
(41, 13, 'Proper and maintained RWH System along with efficient use of water', 10, '2023-08-03 12:41:49', 90, NULL, NULL, 90, '2023-08-03 12:49:17'),
(42, 13, 'Rain Water Percolation Pit', 5, '2023-08-03 12:47:10', 90, NULL, NULL, NULL, NULL),
(43, 13, 'No Rain Water Percolation Pit', 0, '2023-08-03 12:48:08', 90, NULL, NULL, NULL, NULL),
(44, 14, 'Borewell Recharging Without reuse Of Water', 5, '2023-08-03 12:50:31', 90, '2023-08-03 12:50:46', 90, NULL, NULL),
(45, 14, 'No Borewell Recharging', 0, '2023-08-03 12:51:13', 90, NULL, NULL, NULL, NULL),
(46, 15, 'Proper and maintained STP System along with efficient use of water', 10, '2023-08-03 12:51:55', 90, NULL, NULL, NULL, NULL),
(47, 15, 'STP without reuse of Water', 5, '2023-08-03 12:52:22', 90, NULL, NULL, NULL, NULL),
(48, 15, 'No STP System', 0, '2023-08-03 12:52:52', 90, NULL, NULL, NULL, NULL),
(49, 16, 'If water audit completed or measures are Implemented', 10, '2023-08-03 12:54:14', 90, NULL, NULL, NULL, NULL),
(50, 16, 'If water audit completed or measures are not Implemented', 5, '2023-08-03 12:54:41', 90, NULL, NULL, NULL, NULL),
(51, 16, 'No Water Audit', 0, '2023-08-03 12:55:08', 90, NULL, NULL, NULL, NULL),
(52, 91, '12 or more awareness events', 10, '2023-08-03 12:56:56', 90, NULL, NULL, NULL, NULL),
(53, 91, '6 to 11 awareness events', 5, '2023-08-03 12:57:30', 90, NULL, NULL, NULL, NULL),
(54, 91, '<6 awareness events', 0, '2023-08-03 12:58:11', 90, NULL, NULL, NULL, NULL),
(55, 92, '12 or more awareness events', 10, '2023-08-03 13:01:45', 90, NULL, NULL, NULL, NULL),
(56, 92, '6 to 11 more awareness events', 5, '2023-08-03 13:02:10', 90, NULL, NULL, NULL, NULL),
(57, 92, '<6 awareness events', 0, '2023-08-03 13:02:31', 90, NULL, NULL, NULL, NULL),
(58, 93, '12 or more awareness events', 10, '2023-08-03 13:02:47', 90, NULL, NULL, NULL, NULL),
(59, 93, '6 to 11 awareness events', 5, '2023-08-03 13:03:08', 90, '2023-08-03 13:04:10', 90, NULL, NULL),
(60, 93, '<6 awareness events', 0, '2023-08-03 13:03:27', 90, NULL, NULL, NULL, NULL),
(61, 94, '12 or more awareness events', 10, '2023-08-03 13:03:39', 90, NULL, NULL, NULL, NULL),
(62, 94, '6 to 11 awareness events', 5, '2023-08-03 13:04:01', 90, NULL, NULL, NULL, NULL),
(63, 94, '<6 awareness events', 0, '2023-08-03 13:04:31', 90, NULL, NULL, NULL, NULL),
(64, 95, '1 Mark for  identification of each paryavaran doot', 10, '2023-08-03 13:06:20', 90, NULL, NULL, 115, '2023-08-04 11:26:37'),
(65, 100, '1 Mark for  identification of each paryavaran doot', 10, '2023-08-03 13:07:54', 90, NULL, NULL, 115, '2023-08-04 11:26:53'),
(66, 106, '1 Mark for  identification of each paryavaran doot', 10, '2023-08-03 13:08:14', 90, NULL, NULL, 115, '2023-08-04 11:27:07'),
(67, 111, '1 Mark for  identification of each paryavaran doot', 10, '2023-08-03 13:08:29', 90, NULL, NULL, 115, '2023-08-04 11:27:16'),
(68, 116, '03 Paryavaran Seva Events', 10, '2023-08-03 13:10:08', 90, NULL, NULL, 90, '2023-08-03 13:13:10'),
(69, 116, '02 Paryavaran Seva Events', 5, '2023-08-03 13:10:25', 90, NULL, NULL, 90, '2023-08-03 13:13:17'),
(70, 117, '03 Paryavaran Seva Events', 10, '2023-08-03 13:10:51', 90, NULL, NULL, 90, '2023-08-03 13:13:13'),
(71, 117, '02 Paryavaran Seva Events', 5, '2023-08-03 13:11:07', 90, NULL, NULL, 90, '2023-08-03 13:13:07'),
(72, 118, '03 Paryavaran Seva Events', 10, '2023-08-03 13:11:43', 90, '2023-08-03 13:11:56', 90, 90, '2023-08-03 13:13:03'),
(73, 118, '02 Paryavaran Seva Events', 5, '2023-08-03 13:12:22', 90, NULL, NULL, 90, '2023-08-03 13:13:01'),
(74, 123, '>100 E-Pledge', 10, '2023-08-03 13:14:22', 90, NULL, NULL, NULL, NULL),
(75, 123, '51-100 E-Pledge', 5, '2023-08-03 13:14:44', 90, NULL, NULL, NULL, NULL),
(76, 123, '21-50 E-Pledge', 3, '2023-08-03 13:15:11', 90, NULL, NULL, NULL, NULL),
(77, 123, '<20 E-Pledge', 0, '2023-08-03 13:15:31', 90, NULL, NULL, NULL, NULL),
(78, 120, '>100 E-Pledge', 10, '2023-08-03 13:15:51', 90, '2023-08-03 13:24:38', 90, NULL, NULL),
(79, 120, '51-100 E-Pledge', 5, '2023-08-03 13:16:18', 90, '2023-08-03 13:23:49', 90, NULL, NULL),
(80, 120, '21-50 E-Pledge', 3, '2023-08-03 13:16:58', 90, '2023-08-03 13:20:27', 90, NULL, NULL),
(81, 120, '<20 E-Pledge', 0, '2023-08-03 13:21:04', 90, NULL, NULL, NULL, NULL),
(82, 122, '>100 E-Pledge', 10, '2023-08-03 13:25:31', 90, NULL, NULL, NULL, NULL),
(83, 122, '51-100 E-Pledge', 5, '2023-08-03 13:26:21', 90, '2023-08-03 13:27:54', 90, NULL, NULL),
(84, 122, '21-50 E-Pledge', 3, '2023-08-03 13:28:53', 90, NULL, NULL, NULL, NULL),
(85, 122, '<20 E-Pledge', 0, '2023-08-03 13:29:45', 90, NULL, NULL, NULL, NULL),
(86, 121, '>100 E-Pledge', 10, '2023-08-03 13:30:26', 90, NULL, NULL, NULL, NULL),
(87, 121, '51-100 E-Pledge', 5, '2023-08-03 13:30:59', 90, NULL, NULL, NULL, NULL),
(88, 121, '21-50 E-Pledge', 3, '2023-08-03 13:31:24', 90, NULL, NULL, NULL, NULL),
(89, 121, '<20 E-Pledge', 0, '2023-08-03 13:31:59', 90, NULL, NULL, NULL, NULL),
(90, 19, '>71 to 100%', 10, '2023-08-04 05:16:05', 115, NULL, NULL, NULL, NULL),
(91, 19, '>41 to 70%', 5, '2023-08-04 05:16:28', 115, NULL, NULL, NULL, NULL),
(92, 19, '<40%', 0, '2023-08-04 05:16:51', 115, NULL, NULL, NULL, NULL),
(93, 20, '>71 to 100%', 10, '2023-08-04 05:18:22', 115, NULL, NULL, NULL, NULL),
(94, 20, '>41 to 70%', 5, '2023-08-04 05:19:06', 115, NULL, NULL, NULL, NULL),
(95, 20, '<40%', 0, '2023-08-04 05:19:26', 115, NULL, NULL, NULL, NULL),
(96, 21, '>71 to 100%', 10, '2023-08-04 05:20:41', 115, NULL, NULL, NULL, NULL),
(97, 21, '>41 to 70%', 5, '2023-08-04 05:21:02', 115, NULL, NULL, NULL, NULL),
(98, 21, '<40%', 0, '2023-08-04 05:21:19', 115, NULL, NULL, NULL, NULL),
(99, 22, '>71 to 100%', 10, '2023-08-04 05:21:36', 115, NULL, NULL, NULL, NULL),
(100, 22, '>41 to 70%', 5, '2023-08-04 05:21:58', 115, '2023-08-04 05:22:04', 115, NULL, NULL),
(101, 22, '<40%', 0, '2023-08-04 05:22:17', 115, NULL, NULL, NULL, NULL),
(102, 23, '>71 to 100%', 10, '2023-08-04 05:22:37', 115, NULL, NULL, NULL, NULL),
(103, 23, '>41 to 70%', 5, '2023-08-04 05:22:52', 115, NULL, NULL, NULL, NULL),
(104, 23, '<40%', 0, '2023-08-04 05:23:06', 115, NULL, NULL, NULL, NULL),
(105, 24, '>71 to 100%', 10, '2023-08-04 05:23:24', 115, NULL, NULL, NULL, NULL),
(106, 24, '>41 to 70%', 5, '2023-08-04 05:23:39', 115, NULL, NULL, NULL, NULL),
(107, 24, '<40%', 0, '2023-08-04 05:23:59', 115, NULL, NULL, NULL, NULL),
(108, 96, '1 Mark for identification of each paryavaran doot', 10, '2023-08-04 05:24:57', 115, NULL, NULL, 115, '2023-08-04 11:27:26'),
(109, 127, '>100 E-Pledge', 10, '2023-08-04 05:27:39', 115, NULL, NULL, NULL, NULL),
(110, 127, '51-100 E-Pledge', 5, '2023-08-04 05:29:26', 115, NULL, NULL, NULL, NULL),
(111, 127, '21-50 E-Pledge', 3, '2023-08-04 05:30:22', 115, NULL, NULL, NULL, NULL),
(112, 127, '<20 E-Pledge', 0, '2023-08-04 05:32:40', 115, NULL, NULL, NULL, NULL),
(113, 119, '03 Paryavaran seva events', 10, '2023-08-04 05:42:26', 115, NULL, NULL, NULL, NULL),
(114, 119, '02 Paryavaran Seva Events', 5, '2023-08-04 05:44:14', 115, NULL, NULL, NULL, NULL),
(115, 25, '05 or more trees', 10, '2023-08-04 05:54:27', 115, NULL, NULL, NULL, NULL),
(116, 25, '03 or more trees', 5, '2023-08-04 05:54:56', 115, NULL, NULL, NULL, NULL),
(117, 25, '<03 or more trees', 0, '2023-08-04 05:55:16', 115, NULL, NULL, NULL, NULL),
(118, 26, '05 Eco Tours', 10, '2023-08-04 05:55:39', 115, NULL, NULL, NULL, NULL),
(119, 26, '03 Eco Tours', 5, '2023-08-04 05:55:59', 115, NULL, NULL, NULL, NULL),
(120, 26, '03 Eco Tours', 5, '2023-08-04 05:56:01', 115, NULL, NULL, 90, '2023-08-04 12:00:50'),
(121, 26, '<03 Eco Tours', 0, '2023-08-04 05:56:16', 115, NULL, NULL, NULL, NULL),
(122, 101, '1 Mark for identification of each paryavaran doot', 10, '2023-08-04 05:56:34', 115, NULL, NULL, 115, '2023-08-04 11:27:34'),
(123, 118, '03 Paryavaran Seva Events', 10, '2023-08-04 05:57:42', 115, NULL, NULL, NULL, NULL),
(124, 126, '>100 E-Pledge', 10, '2023-08-04 06:04:05', 115, NULL, NULL, 115, '2023-08-04 06:04:24'),
(125, 118, '02 Paryavaran Seva Events', 5, '2023-08-04 06:04:58', 115, '2023-08-04 06:05:11', 115, NULL, NULL),
(126, 126, '>100 E-Pledge', 10, '2023-08-04 06:05:35', 115, NULL, NULL, NULL, NULL),
(127, 126, '51-100 E-Pledge', 5, '2023-08-04 06:06:16', 115, NULL, NULL, NULL, NULL),
(128, 126, '21-50 E-Pledge', 3, '2023-08-04 06:06:34', 115, NULL, NULL, NULL, NULL),
(129, 126, '<20 E-Pledge', 0, '2023-08-04 06:06:51', 115, NULL, NULL, NULL, NULL),
(130, 27, '>30 LED Lights', 10, '2023-08-04 06:07:28', 115, '2023-08-04 09:36:21', 115, NULL, NULL),
(131, 27, '11-30 LED Lights', 5, '2023-08-04 06:08:17', 115, '2023-08-04 06:19:24', 115, NULL, NULL),
(132, 27, '< 10 LED Lights', 0, '2023-08-04 06:08:41', 115, '2023-08-04 06:21:25', 115, NULL, NULL),
(133, 28, '>30 Solar Lights', 10, '2023-08-04 06:14:54', 115, '2023-08-04 13:01:38', 125, NULL, NULL),
(134, 28, '10-30 Solar Lights', 5, '2023-08-04 06:15:55', 115, NULL, NULL, NULL, NULL),
(135, 28, '<10 Solar Lights', 0, '2023-08-04 06:16:39', 115, NULL, NULL, NULL, NULL),
(136, 10, '10-30 Solar Lights', 5, '2023-08-04 06:17:20', 115, NULL, NULL, NULL, NULL),
(137, 10, '<10 Solar Lights', 0, '2023-08-04 06:17:40', 115, NULL, NULL, NULL, NULL),
(138, 29, 'Level-1 or 2 Type 2 no\'s E-Charging Station', 10, '2023-08-04 06:22:18', 115, NULL, NULL, NULL, NULL),
(139, 29, 'Level-1 or 2 Type 1 no\'s E-Charging Station', 5, '2023-08-04 06:22:35', 115, NULL, NULL, NULL, NULL),
(140, 29, 'No E-Charging Station', 0, '2023-08-04 06:22:59', 115, NULL, NULL, NULL, NULL),
(141, 35, 'Energy Audit Completed & Measures Are Implemented', 10, '2023-08-04 06:23:16', 115, NULL, NULL, NULL, NULL),
(142, 35, 'Energy Audit Completed & But Measures Are Not Implemented', 5, '2023-08-04 06:23:35', 115, NULL, NULL, NULL, NULL),
(143, 35, 'No Energy Audit', 0, '2023-08-04 06:23:53', 115, NULL, NULL, NULL, NULL),
(144, 144, '>500 Likes on TMC\'s Social Media page', 10, '2023-08-04 06:27:15', 115, NULL, NULL, NULL, NULL),
(145, 148, '301-500 Likes on TMC\'s Social Media page', 5, '2023-08-04 06:28:17', 115, NULL, NULL, NULL, NULL),
(146, 148, '101-300 Likes on TMC\'s Social Media page', 3, '2023-08-04 06:28:44', 115, NULL, NULL, NULL, NULL),
(147, 148, '<100 Likes on TMC\'s Social Media page', 0, '2023-08-04 06:29:09', 115, NULL, NULL, NULL, NULL),
(148, 144, '301-500 Likes on TMC\'s Social Media page', 5, '2023-08-04 06:52:30', 115, NULL, NULL, NULL, NULL),
(149, 144, '101-300 Likes on TMC\'s Social Media page', 3, '2023-08-04 06:53:44', 115, NULL, NULL, NULL, NULL),
(150, 144, '<100 Likes on TMC\'s Social Media page', 0, '2023-08-04 06:54:46', 115, NULL, NULL, NULL, NULL),
(151, 148, '>500 Likes on TMC\'s Social Media page', 10, '2023-08-04 06:55:32', 115, NULL, NULL, NULL, NULL),
(152, 142, '>500 Likes on TMC\'s Social Media page', 10, '2023-08-04 06:56:18', 115, NULL, NULL, NULL, NULL),
(153, 142, '301-500 Likes on TMC\'s Social Media page', 5, '2023-08-04 06:56:36', 115, NULL, NULL, NULL, NULL),
(154, 142, '101-300 Likes on TMC\'s Social Media page', 3, '2023-08-04 06:56:52', 115, NULL, NULL, NULL, NULL),
(155, 142, '<100 Likes on TMC\'s Social Media page', 0, '2023-08-04 06:58:15', 115, NULL, NULL, NULL, NULL),
(156, 141, '>500 Likes on TMC\'s Social Media page', 10, '2023-08-04 06:58:35', 115, NULL, NULL, NULL, NULL),
(157, 141, '301-500 Likes on TMC\'s Social Media page', 5, '2023-08-04 06:59:21', 115, NULL, NULL, NULL, NULL),
(158, 141, '101-300 Likes on TMC\'s Social Media page', 3, '2023-08-04 06:59:37', 115, NULL, NULL, NULL, NULL),
(159, 141, '101-300 Likes on TMC\'s Social Media page', 3, '2023-08-04 06:59:38', 115, NULL, NULL, 115, '2023-08-04 09:22:26'),
(160, 141, '<100 Likes on TMC\'s Social Media page', 0, '2023-08-04 06:59:55', 115, NULL, NULL, NULL, NULL),
(161, 140, '>500 Likes on TMC\'s Social Media page', 10, '2023-08-04 07:00:11', 115, NULL, NULL, NULL, NULL),
(162, 140, '301-500 Likes on TMC\'s Social Media page', 5, '2023-08-04 07:00:27', 115, NULL, NULL, NULL, NULL),
(163, 140, '101-300 Likes on TMC\'s Social Media page', 3, '2023-08-04 07:00:42', 115, NULL, NULL, NULL, NULL),
(164, 140, '<101 Likes on TMC\'s Social Media page', 0, '2023-08-04 07:00:58', 115, '2023-08-04 08:43:46', 115, NULL, NULL),
(165, 19, '>71 to 100%', 10, '2023-08-04 08:40:51', 115, NULL, NULL, 115, '2023-08-04 08:43:10'),
(166, 19, '>41 to 100%', 5, '2023-08-04 08:41:34', 115, NULL, NULL, 115, '2023-08-04 08:43:04'),
(167, 55, '>71 to 100%', 10, '2023-08-04 08:46:46', 115, NULL, NULL, 90, '2023-08-04 08:59:05'),
(168, 55, '>41 to 70%', 5, '2023-08-04 08:47:24', 115, NULL, NULL, 90, '2023-08-04 08:59:02'),
(169, 55, '<4-%', 0, '2023-08-04 08:47:45', 115, NULL, NULL, 90, '2023-08-04 08:58:59'),
(170, 37, '>71 to 100%', 10, '2023-08-04 09:01:08', 90, NULL, NULL, NULL, NULL),
(171, 37, '>41 to 70%', 5, '2023-08-04 09:01:38', 90, NULL, NULL, NULL, NULL),
(172, 37, '<40%', 0, '2023-08-04 09:02:03', 90, NULL, NULL, NULL, NULL),
(173, 38, '>71 to 100%', 10, '2023-08-04 09:03:01', 90, NULL, NULL, NULL, NULL),
(174, 38, '>41 to 70%', 5, '2023-08-04 09:03:14', 90, NULL, NULL, NULL, NULL),
(175, 38, '<40%', 0, '2023-08-04 09:03:25', 90, NULL, NULL, NULL, NULL),
(176, 39, '>71 to 100%', 10, '2023-08-04 09:03:50', 90, NULL, NULL, NULL, NULL),
(177, 39, '>41 to 70%', 5, '2023-08-04 09:03:51', 90, '2023-08-04 09:04:24', 90, NULL, NULL),
(178, 39, '<40%', 0, '2023-08-04 09:04:04', 90, '2023-08-04 09:06:21', 90, NULL, NULL),
(179, 39, '>71 to 100%', 10, '2023-08-04 09:04:50', 90, NULL, NULL, 90, '2023-08-04 09:06:31'),
(180, 39, '>41 to 70%', 5, '2023-08-04 09:05:08', 90, NULL, NULL, 90, '2023-08-04 09:06:37'),
(181, 39, '<40%', 0, '2023-08-04 09:05:23', 90, NULL, NULL, 90, '2023-08-04 09:06:33'),
(182, 40, '>71 to 100%', 10, '2023-08-04 09:07:23', 90, NULL, NULL, NULL, NULL),
(183, 40, '>41 to 70%', 5, '2023-08-04 09:07:37', 90, NULL, NULL, NULL, NULL),
(184, 40, '<40%', 0, '2023-08-04 09:07:49', 90, NULL, NULL, NULL, NULL),
(185, 41, '>71 to 100%', 10, '2023-08-04 09:09:29', 90, NULL, NULL, NULL, NULL),
(186, 41, '>41 to 70%', 5, '2023-08-04 09:09:41', 90, NULL, NULL, NULL, NULL),
(187, 41, '<40%', 0, '2023-08-04 09:09:55', 90, NULL, NULL, NULL, NULL),
(188, 42, '>71 to 100%', 10, '2023-08-04 09:10:17', 90, NULL, NULL, NULL, NULL),
(189, 42, '>41 to 70%', 5, '2023-08-04 09:12:16', 90, NULL, NULL, NULL, NULL),
(190, 42, '<40%', 0, '2023-08-04 09:12:30', 90, NULL, NULL, NULL, NULL),
(191, 97, '1 Mark for identification of each paryavaran doot', 10, '2023-08-04 09:14:09', 90, NULL, NULL, 115, '2023-08-04 11:27:42'),
(192, 131, '>100 E-Pledge', 10, '2023-08-04 09:15:58', 90, NULL, NULL, NULL, NULL),
(193, 131, '51-100 E-Pledge', 5, '2023-08-04 09:16:27', 90, NULL, NULL, NULL, NULL),
(194, 131, '21-50 E-Pledge', 3, '2023-08-04 09:16:51', 90, NULL, NULL, NULL, NULL),
(195, 131, '<20 E-Pledge', 0, '2023-08-04 09:17:12', 90, NULL, NULL, NULL, NULL),
(196, 107, '1 Mark for identification of each paryavaran doot', 10, '2023-08-04 09:17:36', 115, NULL, NULL, 115, '2023-08-04 11:28:22'),
(197, 152, '>500 Likes on TMC\'s Social Media page', 10, '2023-08-04 09:17:57', 90, '2023-08-04 09:20:16', 90, NULL, NULL),
(198, 152, '301-500 Likes on TMC\'s Social media page', 5, '2023-08-04 09:18:28', 90, '2023-08-04 09:19:55', 90, NULL, NULL),
(199, 117, '03 Paryavaran Seva Events', 10, '2023-08-04 09:18:39', 115, NULL, NULL, NULL, NULL),
(200, 117, '02 Paryavaran Seva Events', 5, '2023-08-04 09:18:59', 115, NULL, NULL, NULL, NULL),
(201, 152, '101-300 Likes on TMC\'s Social Media page', 3, '2023-08-04 09:19:22', 90, NULL, NULL, NULL, NULL),
(202, 152, '<100 Likes on TMC\'s Social Media page', 0, '2023-08-04 09:19:23', 90, '2023-08-04 09:20:57', 90, NULL, NULL),
(203, 125, '>100 E-Pledge', 10, '2023-08-04 09:19:46', 115, NULL, NULL, NULL, NULL),
(204, 125, '51-100 E-Pledge', 5, '2023-08-04 09:20:07', 115, NULL, NULL, NULL, NULL),
(205, 125, '21-50 E-Pledge', 3, '2023-08-04 09:20:23', 115, NULL, NULL, NULL, NULL),
(206, 125, '<20 E-Pledge', 0, '2023-08-04 09:20:36', 115, NULL, NULL, NULL, NULL),
(207, 146, '>500 Likes on TMC\'s Social Media page', 10, '2023-08-04 09:20:53', 115, NULL, NULL, NULL, NULL),
(208, 150, '301-500 Likes on TMC\'s Social Media page', 5, '2023-08-04 09:21:08', 115, NULL, NULL, 90, '2023-08-04 12:32:34'),
(209, 146, '301-500 Likes on TMC\'s Social Media page', 5, '2023-08-04 09:21:23', 115, '2023-08-04 13:16:48', 90, NULL, NULL),
(210, 146, '101-300 Likes on TMC\'s Social Media page', 3, '2023-08-04 09:21:54', 115, '2023-08-04 13:17:17', 90, NULL, NULL),
(211, 43, '05 or more trees', 10, '2023-08-04 09:23:13', 90, NULL, NULL, NULL, NULL),
(212, 30, 'Proper and maintained RWH System along with efficient use of water', 10, '2023-08-04 09:23:20', 115, NULL, NULL, NULL, NULL),
(213, 43, '03 or more trees', 5, '2023-08-04 09:23:33', 90, '2023-08-04 09:24:19', 90, NULL, NULL),
(214, 30, 'RWH without use of water', 5, '2023-08-04 09:23:38', 115, NULL, NULL, NULL, NULL),
(215, 43, '<03 or more trees', 0, '2023-08-04 09:24:07', 90, NULL, NULL, NULL, NULL),
(216, 44, '05 Eco Tours', 10, '2023-08-04 09:25:19', 90, NULL, NULL, NULL, NULL),
(217, 44, '03 Eco Tours', 5, '2023-08-04 09:25:37', 90, NULL, NULL, NULL, NULL),
(218, 48, 'No RWH', 0, '2023-08-04 09:25:56', 115, NULL, NULL, 90, '2023-08-04 12:35:56'),
(219, 44, '<03 Eco Tours', 0, '2023-08-04 09:25:58', 90, NULL, NULL, NULL, NULL),
(220, 31, 'Rain Water Percolation Pit', 5, '2023-08-04 09:27:14', 115, '2023-08-04 09:29:00', 115, NULL, NULL),
(221, 102, '1 Mark for identification of each paryavaran doot', 10, '2023-08-04 09:28:08', 90, NULL, NULL, 115, '2023-08-04 11:28:46'),
(222, 130, '>100 E-Pledge', 10, '2023-08-04 09:28:41', 90, NULL, NULL, NULL, NULL),
(223, 130, '51-100 E-Pledge', 5, '2023-08-04 09:29:08', 90, NULL, NULL, NULL, NULL),
(224, 130, '21-50 E-Pledge', 3, '2023-08-04 09:29:45', 90, NULL, NULL, NULL, NULL),
(225, 31, 'No Rain Water Percolation Pit', 0, '2023-08-04 09:29:58', 115, NULL, NULL, NULL, NULL),
(226, 130, '<20 E-Pledge', 0, '2023-08-04 09:30:05', 90, NULL, NULL, NULL, NULL),
(227, 32, 'Borewell Recharging Without reuse Of Water', 5, '2023-08-04 09:31:44', 115, NULL, NULL, NULL, NULL),
(228, 151, '>500 Likes on TMC\'s Social Media page', 10, '2023-08-04 09:31:55', 90, NULL, NULL, NULL, NULL),
(229, 32, 'No Borewell Recharging', 0, '2023-08-04 09:32:01', 115, NULL, NULL, NULL, NULL),
(230, 151, '301-500 Likes on TMC\'s Social Media page', 5, '2023-08-04 09:32:19', 90, NULL, NULL, NULL, NULL),
(231, 33, 'Proper and maintained STP System along with efficient use of water', 10, '2023-08-04 09:32:22', 115, NULL, NULL, NULL, NULL),
(232, 151, '101-300 Likes on TMC\'s Social Media page', 3, '2023-08-04 09:32:37', 90, NULL, NULL, NULL, NULL),
(233, 33, 'STP without reuse of Water', 5, '2023-08-04 09:32:38', 115, NULL, NULL, NULL, NULL),
(234, 33, 'No STP System', 0, '2023-08-04 09:32:58', 115, '2023-08-04 09:33:21', 115, NULL, NULL),
(235, 151, '<100 Likes on TMC\'s Social Media page', 0, '2023-08-04 09:33:21', 90, NULL, NULL, NULL, NULL),
(236, 34, 'If water audit completed or measures are Implemented', 10, '2023-08-04 09:33:44', 115, NULL, NULL, NULL, NULL),
(237, 34, 'If water audit completed or measures are not Implemented', 5, '2023-08-04 09:34:00', 115, NULL, NULL, NULL, NULL),
(238, 34, 'No Water Audit', 0, '2023-08-04 09:34:21', 115, NULL, NULL, NULL, NULL),
(239, 45, '>30 LED Lights', 10, '2023-08-04 09:35:08', 90, NULL, NULL, NULL, NULL),
(240, 45, '11-30 LED Lights', 5, '2023-08-04 09:35:39', 90, NULL, NULL, NULL, NULL),
(241, 45, '< 10 LED Lights', 0, '2023-08-04 09:36:51', 90, NULL, NULL, NULL, NULL),
(242, 46, '>30 Solar Lights', 10, '2023-08-04 09:38:46', 90, NULL, NULL, NULL, NULL),
(243, 46, '10-30 Solar Lights', 5, '2023-08-04 09:39:05', 90, NULL, NULL, NULL, NULL),
(244, 46, '<10 Solar Lights', 0, '2023-08-04 09:39:28', 90, NULL, NULL, NULL, NULL),
(245, 47, 'Level-1 or 2 Type 2 no\'s E-Charging Station', 10, '2023-08-04 09:40:34', 90, NULL, NULL, NULL, NULL),
(246, 47, 'Level-1 or 2 Type 1 no\'s E-Charging Station', 5, '2023-08-04 09:40:59', 90, NULL, NULL, NULL, NULL),
(247, 47, 'No E-Charging Station', 0, '2023-08-04 09:41:14', 90, NULL, NULL, NULL, NULL),
(248, 53, 'Energy Audit Completed & Measures Are Implemented', 10, '2023-08-04 09:42:21', 90, NULL, NULL, NULL, NULL),
(249, 53, 'Energy Audit Completed & But Measures Are Not Implemented', 5, '2023-08-04 09:42:39', 90, NULL, NULL, NULL, NULL),
(250, 53, 'No Energy Audit', 0, '2023-08-04 09:42:53', 90, NULL, NULL, NULL, NULL),
(251, 112, '1 Mark for identification of each paryavaran doot', 10, '2023-08-04 09:43:28', 115, NULL, NULL, 115, '2023-08-04 11:28:55'),
(252, 116, '03 Paryavaran Seva Events', 10, '2023-08-04 09:43:53', 115, NULL, NULL, NULL, NULL),
(253, 108, '1 Mark for identification of each paryavaran doot', 10, '2023-08-04 09:44:07', 90, NULL, NULL, 115, '2023-08-04 11:28:32'),
(254, 116, '02 Paryavaran Seva Events', 5, '2023-08-04 09:44:09', 115, NULL, NULL, NULL, NULL),
(255, 124, '>100 E-Pledge', 10, '2023-08-04 09:44:48', 115, NULL, NULL, NULL, NULL),
(256, 129, '>100 E-Pledge', 10, '2023-08-04 09:44:50', 90, NULL, NULL, NULL, NULL),
(257, 124, '51-100 E-Pledge', 5, '2023-08-04 09:45:06', 115, NULL, NULL, NULL, NULL),
(258, 124, '21-50 E-Pledge', 3, '2023-08-04 09:45:21', 115, NULL, NULL, NULL, NULL),
(259, 129, '51-100 E-Pledge', 5, '2023-08-04 09:45:22', 90, NULL, NULL, NULL, NULL),
(260, 129, '21-50 E-Pledge', 3, '2023-08-04 09:45:42', 90, NULL, NULL, NULL, NULL),
(261, 129, '<20 E-Pledge', 0, '2023-08-04 09:45:44', 90, '2023-08-04 09:47:06', 90, NULL, NULL),
(262, 124, '<20 E-Pledge', 0, '2023-08-04 09:45:47', 115, NULL, NULL, NULL, NULL),
(263, 149, '>500 Likes on TMC\'s Social Media page', 10, '2023-08-04 09:46:34', 115, NULL, NULL, 90, '2023-08-04 12:41:31'),
(264, 145, '301-500 Likes on TMC\'s Social Media page', 5, '2023-08-04 09:46:49', 115, NULL, NULL, NULL, NULL),
(265, 145, '101-300 Likes on TMC\'s Social Media page', 3, '2023-08-04 09:47:07', 115, NULL, NULL, NULL, NULL),
(266, 145, '<100 Likes on TMC\'s Social Media page', 0, '2023-08-04 09:47:22', 115, NULL, NULL, NULL, NULL),
(267, 150, '>500 Likes on TMC\'s Social Media page', 10, '2023-08-04 09:50:18', 90, NULL, NULL, NULL, NULL),
(268, 150, '301-500 Likes on TMC\'s Social Media page', 5, '2023-08-04 09:50:39', 90, NULL, NULL, NULL, NULL),
(269, 150, '101-300 Likes on TMC\'s Social Media page', 3, '2023-08-04 09:51:02', 90, NULL, NULL, NULL, NULL),
(270, 150, '<100 Likes on TMC\'s Social Media page', 0, '2023-08-04 09:51:20', 90, NULL, NULL, NULL, NULL),
(271, 48, 'Proper and maintained RWH System along with efficient use of water', 10, '2023-08-04 09:54:19', 90, NULL, NULL, NULL, NULL),
(272, 48, 'RWH without use of water', 5, '2023-08-04 09:54:35', 90, NULL, NULL, NULL, NULL),
(273, 48, 'No RWH', 0, '2023-08-04 09:54:54', 90, NULL, NULL, NULL, NULL),
(274, 49, 'Rain Water Percolation Pit', 5, '2023-08-04 09:57:16', 90, NULL, NULL, NULL, NULL),
(275, 49, 'No Rain Water Percolation Pit', 0, '2023-08-04 09:57:34', 90, NULL, NULL, NULL, NULL),
(276, 50, 'Borewell Recharging Without reuse Of Water', 5, '2023-08-04 09:58:00', 90, NULL, NULL, NULL, NULL),
(277, 50, 'No Borewell Recharging', 0, '2023-08-04 09:58:15', 90, NULL, NULL, NULL, NULL),
(278, 51, 'Proper and maintained STP System along with efficient use of water', 10, '2023-08-04 09:59:02', 90, NULL, NULL, NULL, NULL),
(279, 51, 'STP without reuse of Water', 5, '2023-08-04 10:00:37', 90, NULL, NULL, NULL, NULL),
(280, 51, 'No STP System', 0, '2023-08-04 10:00:52', 90, NULL, NULL, NULL, NULL),
(281, 52, 'If water audit completed or measures are Implemented', 10, '2023-08-04 10:01:25', 90, NULL, NULL, NULL, NULL),
(282, 52, 'If water audit completed or measures are not Implemented', 5, '2023-08-04 10:02:08', 90, NULL, NULL, NULL, NULL),
(283, 52, 'No Water Audit', 0, '2023-08-04 10:02:24', 90, NULL, NULL, NULL, NULL),
(284, 113, '1 Mark for identification of each paryavaran doot', 10, '2023-08-04 10:07:59', 90, NULL, NULL, 115, '2023-08-04 11:28:09'),
(285, 128, '>100 E-Pledge', 10, '2023-08-04 10:08:18', 90, NULL, NULL, NULL, NULL),
(286, 128, '51-100 E-Pledge', 5, '2023-08-04 10:09:49', 90, NULL, NULL, NULL, NULL),
(287, 128, '21-50 E-Pledge', 3, '2023-08-04 10:10:12', 90, NULL, NULL, NULL, NULL),
(288, 128, '<20 E-Pledge', 0, '2023-08-04 10:10:36', 90, '2023-08-04 10:10:55', 90, NULL, NULL),
(289, 149, '>500 Likes on TMC\'s Social Media page', 10, '2023-08-04 10:11:16', 90, '2023-08-05 05:03:21', 90, NULL, NULL),
(290, 149, '301-500 Likes on TMC\'s Social Media page', 5, '2023-08-04 10:11:32', 90, NULL, NULL, NULL, NULL),
(291, 149, '101-300 Likes on TMC\'s Social Media page', 3, '2023-08-04 10:11:49', 90, NULL, NULL, NULL, NULL),
(292, 149, '<101 Likes on TMC\'s Social Media page', 0, '2023-08-04 10:12:11', 90, NULL, NULL, NULL, NULL),
(293, 164, 'Innovative Theme', 30, '2023-08-04 10:15:13', 115, NULL, NULL, NULL, NULL),
(294, 164, 'Length, shooting & Video quality/frame', 30, '2023-08-04 10:16:23', 115, NULL, NULL, NULL, NULL),
(295, 164, 'No of plays & likes on social media page of TMC', 40, '2023-08-04 10:17:39', 115, NULL, NULL, NULL, NULL),
(296, 188, 'Innovation Theme', 30, '2023-08-04 10:17:41', 90, NULL, NULL, NULL, NULL),
(297, 168, 'Innovative Theme/ Script and presentation', 40, '2023-08-04 10:18:51', 115, NULL, NULL, NULL, NULL),
(298, 168, 'Number of Actors and Length of play', 20, '2023-08-04 10:19:35', 115, NULL, NULL, NULL, NULL),
(299, 188, 'Lenght, Shooting & video quality/frame', 30, '2023-08-04 10:20:40', 90, NULL, NULL, NULL, NULL),
(300, 168, 'No of plays & likes on social media page of TMC', 40, '2023-08-04 10:21:02', 115, NULL, NULL, NULL, NULL),
(301, 188, 'No of plays & likes on social media page of TMC tagged', 40, '2023-08-04 10:21:10', 90, '2023-08-04 10:24:42', 90, NULL, NULL),
(302, 192, 'Innovative Theme/Script and Presentation', 40, '2023-08-04 10:22:19', 90, NULL, NULL, NULL, NULL),
(303, 192, 'Number of Actors, Length of Play', 20, '2023-08-04 10:22:53', 90, NULL, NULL, NULL, NULL),
(304, 172, 'Innovative Theme', 30, '2023-08-04 10:23:15', 115, NULL, NULL, NULL, NULL),
(305, 192, 'No of plays & likes on social media page of TMC', 40, '2023-08-04 10:23:44', 90, '2023-08-04 10:24:26', 90, NULL, NULL),
(306, 172, 'Size of sculpture/Structure', 30, '2023-08-04 10:24:00', 115, NULL, NULL, NULL, NULL),
(307, 172, 'Simplicity/Sustainability/Creativity/Replicability', 40, '2023-08-04 10:24:59', 115, NULL, NULL, NULL, NULL),
(308, 196, 'Innovative Theme', 30, '2023-08-04 10:25:10', 90, NULL, NULL, NULL, NULL),
(309, 196, 'Size of sculpture/structure', 30, '2023-08-04 10:25:39', 90, NULL, NULL, NULL, NULL),
(310, 163, 'Innovative Theme', 30, '2023-08-04 10:25:54', 115, NULL, NULL, NULL, NULL),
(311, 196, 'Simplicity / sustainability / creativity / replicability', 40, '2023-08-04 10:26:01', 90, NULL, NULL, NULL, NULL),
(312, 163, 'Length, shooting & Video quality/frame', 30, '2023-08-04 10:26:19', 115, NULL, NULL, NULL, NULL),
(313, 163, 'No of plays & likes on social media page of TMC', 40, '2023-08-04 10:26:39', 115, NULL, NULL, NULL, NULL),
(314, 167, 'Innovative Theme/ Script and presentation', 40, '2023-08-04 10:27:12', 115, NULL, NULL, NULL, NULL),
(315, 167, 'Number of Actors and Length of play', 20, '2023-08-04 10:27:29', 115, NULL, NULL, NULL, NULL),
(316, 167, 'No of plays & likes on social media page of TMC', 40, '2023-08-04 10:27:48', 115, NULL, NULL, NULL, NULL),
(317, 187, 'Innovative Theme', 30, '2023-08-04 10:28:17', 90, NULL, NULL, NULL, NULL),
(318, 171, 'Innovative Theme', 30, '2023-08-04 10:28:19', 115, NULL, NULL, NULL, NULL),
(319, 171, 'Size of sculpture/Structure', 30, '2023-08-04 10:28:35', 115, NULL, NULL, NULL, NULL),
(320, 187, 'Lenght, Shooting & video quality/frame', 30, '2023-08-04 10:28:48', 90, NULL, NULL, NULL, NULL),
(321, 171, 'Simplicity/Sustainability/Creativity/Replicability', 40, '2023-08-04 10:28:53', 115, NULL, NULL, NULL, NULL),
(322, 162, 'Innovative Theme', 30, '2023-08-04 10:29:19', 115, NULL, NULL, NULL, NULL),
(323, 187, 'No of plays & likes on social media page of TMC', 40, '2023-08-04 10:29:29', 90, NULL, NULL, NULL, NULL),
(324, 162, 'Length, shooting & Video quality/frame', 30, '2023-08-04 10:29:34', 115, NULL, NULL, NULL, NULL),
(325, 162, 'No of plays & likes on social media page of TMC', 40, '2023-08-04 10:29:52', 115, NULL, NULL, NULL, NULL),
(326, 191, 'Innovative Theme/Script and Presentation', 40, '2023-08-04 10:30:02', 90, NULL, NULL, NULL, NULL),
(327, 166, 'Innovative Theme/ Script and presentation', 40, '2023-08-04 10:30:18', 115, NULL, NULL, NULL, NULL),
(328, 191, 'Number of Actors, Length of Play', 20, '2023-08-04 10:30:19', 90, NULL, NULL, NULL, NULL),
(329, 191, 'No of plays & likes on social media page of TMC', 40, '2023-08-04 10:30:38', 90, NULL, NULL, NULL, NULL),
(330, 166, 'Number of Actors and Length of play', 20, '2023-08-04 10:30:43', 115, NULL, NULL, NULL, NULL),
(331, 166, 'No of plays & likes on social media page of TMC', 40, '2023-08-04 10:31:01', 115, NULL, NULL, NULL, NULL),
(332, 195, 'Innovative Theme', 30, '2023-08-04 10:31:10', 90, NULL, NULL, NULL, NULL),
(333, 195, 'Size of sculpture/structure', 30, '2023-08-04 10:31:29', 90, NULL, NULL, NULL, NULL),
(334, 170, 'Innovative Theme', 30, '2023-08-04 10:31:36', 115, NULL, NULL, 90, '2023-08-05 05:08:59'),
(335, 195, 'Simplicity / sustainability / creativity / replicability', 40, '2023-08-04 10:31:46', 90, NULL, NULL, NULL, NULL),
(336, 170, 'Size of sculpture/Structure', 30, '2023-08-04 10:31:53', 115, NULL, NULL, NULL, NULL),
(337, 186, 'Innovative Theme', 30, '2023-08-04 10:34:04', 90, NULL, NULL, NULL, NULL),
(338, 186, 'Lenght, Shooting & video quality/frame', 30, '2023-08-04 10:34:48', 90, NULL, NULL, NULL, NULL),
(339, 170, 'Simplicity/Sustainability/Creativity/Replicability', 40, '2023-08-04 10:34:53', 115, NULL, NULL, NULL, NULL),
(340, 186, 'No of plays & likes on social media page of TMC', 40, '2023-08-04 10:35:05', 90, NULL, NULL, NULL, NULL),
(341, 161, 'Innovative Theme', 30, '2023-08-04 10:35:26', 115, NULL, NULL, NULL, NULL),
(342, 190, 'Innovative Theme/Script and Presentation', 40, '2023-08-04 10:35:30', 90, NULL, NULL, NULL, NULL),
(343, 173, 'Length, shooting & Video quality/frame', 30, '2023-08-04 10:35:53', 115, NULL, NULL, 90, '2023-08-05 05:31:29'),
(344, 190, 'Number of Actors, Length of Play', 20, '2023-08-04 10:35:57', 90, NULL, NULL, NULL, NULL),
(345, 161, 'No of plays & likes on social media page of TMC', 40, '2023-08-04 10:36:11', 115, NULL, NULL, NULL, NULL),
(346, 190, 'No of plays & likes on social media page of TMC', 40, '2023-08-04 10:36:20', 90, NULL, NULL, NULL, NULL),
(347, 165, 'Innovative Theme/ Script and presentation', 40, '2023-08-04 10:36:35', 115, NULL, NULL, NULL, NULL),
(348, 165, 'Number of Actors and Length of play', 20, '2023-08-04 10:36:53', 115, NULL, NULL, NULL, NULL),
(349, 194, 'Innovative Theme', 30, '2023-08-04 10:37:01', 90, NULL, NULL, NULL, NULL),
(350, 165, 'No of plays & likes on social media page of TMC', 40, '2023-08-04 10:37:10', 115, NULL, NULL, NULL, NULL),
(351, 194, 'Size of sculpture/structure', 30, '2023-08-04 10:37:19', 90, NULL, NULL, NULL, NULL),
(352, 181, 'Innovative Theme', 30, '2023-08-04 10:37:30', 115, NULL, NULL, NULL, NULL),
(353, 169, 'Size of sculpture/Structure', 30, '2023-08-04 10:37:45', 115, NULL, NULL, NULL, NULL),
(354, 181, 'Simplicity/Sustainability/Creativity/Replicability', 40, '2023-08-04 10:37:59', 115, NULL, NULL, NULL, NULL),
(355, 176, 'Innovative Theme', 30, '2023-08-04 10:38:34', 115, NULL, NULL, NULL, NULL),
(356, 176, 'Length, shooting & Video quality/frame', 30, '2023-08-04 10:38:49', 115, NULL, NULL, NULL, NULL),
(357, 194, 'Simplicity / sustainability / creativity / replicability', 40, '2023-08-04 10:38:51', 90, NULL, NULL, NULL, NULL),
(358, 176, 'No of plays & likes on social media page of TMC', 40, '2023-08-04 10:39:05', 115, NULL, NULL, NULL, NULL),
(359, 180, 'Innovative Theme/ Script and presentation', 40, '2023-08-04 10:39:19', 115, NULL, NULL, NULL, NULL),
(360, 185, 'Innovative Theme', 30, '2023-08-04 10:39:29', 90, NULL, NULL, NULL, NULL),
(361, 180, 'Number of Actors and Length of play', 20, '2023-08-04 10:39:33', 115, NULL, NULL, NULL, NULL),
(362, 185, 'Lenght, Shooting & video quality/frame', 30, '2023-08-04 10:39:47', 90, NULL, NULL, NULL, NULL),
(363, 180, 'No of plays & likes on social media page of TMC', 40, '2023-08-04 10:39:49', 115, NULL, NULL, 90, '2023-08-05 05:17:38'),
(364, 180, 'No of plays & likes on social media page of TMC', 40, '2023-08-04 10:39:49', 115, NULL, NULL, NULL, NULL),
(365, 185, 'No of plays & likes on social media page of TMC', 40, '2023-08-04 10:40:04', 90, NULL, NULL, NULL, NULL),
(366, 184, 'Innovative Theme', 30, '2023-08-04 10:40:08', 115, NULL, NULL, NULL, NULL),
(367, 189, 'Innovative Theme/Script and Presentation', 40, '2023-08-04 10:40:20', 90, NULL, NULL, NULL, NULL),
(368, 184, 'Size of sculpture/Structure', 30, '2023-08-04 10:40:21', 115, NULL, NULL, NULL, NULL),
(369, 189, 'Number of Actors, Length of Play', 20, '2023-08-04 10:40:38', 90, NULL, NULL, NULL, NULL),
(370, 184, 'Simplicity/Sustainability/Creativity/Replicability', 40, '2023-08-04 10:40:52', 115, NULL, NULL, NULL, NULL),
(371, 189, 'No of plays & likes on social media page of TMC', 40, '2023-08-04 10:40:55', 90, NULL, NULL, NULL, NULL),
(372, 193, 'Innovative Theme', 30, '2023-08-04 10:41:22', 90, NULL, NULL, NULL, NULL),
(373, 175, 'Innovative Theme', 30, '2023-08-04 10:41:26', 115, NULL, NULL, NULL, NULL),
(374, 175, 'Length, shooting & Video quality/frame', 30, '2023-08-04 10:41:42', 115, NULL, NULL, NULL, NULL),
(375, 193, 'Size of sculpture/structure', 30, '2023-08-04 10:41:42', 90, NULL, NULL, NULL, NULL),
(376, 175, 'No of plays & likes on social media page of TMC', 40, '2023-08-04 10:41:54', 115, NULL, NULL, NULL, NULL),
(377, 193, 'Simplicity / sustainability / creativity / replicability', 40, '2023-08-04 10:41:59', 90, NULL, NULL, NULL, NULL),
(378, 179, 'Innovative Theme/ Script and presentation', 40, '2023-08-04 10:42:10', 115, NULL, NULL, NULL, NULL),
(379, 179, 'Number of Actors and Length of play', 20, '2023-08-04 10:42:25', 115, NULL, NULL, NULL, NULL),
(380, 191, 'No of plays & likes on social media page of TMC', 40, '2023-08-04 10:42:39', 115, NULL, NULL, 90, '2023-08-05 05:13:12'),
(381, 183, 'Innovative Theme', 30, '2023-08-04 10:43:10', 115, NULL, NULL, NULL, NULL),
(382, 183, 'Size of sculpture/Structure', 30, '2023-08-04 10:43:35', 115, NULL, NULL, NULL, NULL),
(383, 183, 'Simplicity/Sustainability/Creativity/Replicability', 40, '2023-08-04 10:43:48', 115, NULL, NULL, NULL, NULL),
(384, 174, 'Innovative Theme', 30, '2023-08-04 10:44:04', 115, NULL, NULL, NULL, NULL),
(385, 186, 'Length, shooting & Video quality/frame', 30, '2023-08-04 10:44:18', 115, NULL, NULL, 90, '2023-08-05 05:15:02'),
(386, 174, 'No of plays & likes on social media page of TMC', 40, '2023-08-04 10:44:32', 115, NULL, NULL, NULL, NULL),
(387, 178, 'Innovative Theme/ Script and presentation', 40, '2023-08-04 10:45:39', 115, NULL, NULL, NULL, NULL),
(388, 178, 'Number of Actors and Length of play', 20, '2023-08-04 10:45:58', 115, NULL, NULL, NULL, NULL),
(389, 178, 'No of plays & likes on social media page of TMC', 40, '2023-08-04 10:46:12', 115, NULL, NULL, NULL, NULL),
(390, 55, '>71 to 100%', 10, '2023-08-04 10:48:24', 90, NULL, NULL, NULL, NULL),
(391, 55, '>41 to 70%', 5, '2023-08-04 10:48:42', 90, NULL, NULL, NULL, NULL),
(392, 55, '<40%', 0, '2023-08-04 10:49:01', 90, NULL, NULL, NULL, NULL),
(393, 161, 'No of plays & likes on social media page of TMC', 40, '2023-08-04 10:49:06', 115, NULL, NULL, 115, '2023-08-04 10:49:23'),
(394, 56, '>71 to 100%', 10, '2023-08-04 10:49:17', 90, NULL, NULL, NULL, NULL),
(395, 56, '>41 to 70%', 5, '2023-08-04 10:49:46', 90, NULL, NULL, NULL, NULL),
(396, 161, 'Length, shooting & Video quality/frame', 30, '2023-08-04 10:49:58', 115, NULL, NULL, NULL, NULL),
(397, 56, '<40%', 0, '2023-08-04 10:50:02', 90, NULL, NULL, NULL, NULL),
(398, 57, '>71 to 100%', 10, '2023-08-04 10:50:17', 90, NULL, NULL, NULL, NULL),
(399, 57, '>41 to 70%', 5, '2023-08-04 10:50:29', 90, NULL, NULL, NULL, NULL),
(400, 57, '<40%', 0, '2023-08-04 10:50:39', 90, NULL, NULL, NULL, NULL),
(401, 58, '>71 to 100%', 10, '2023-08-04 10:51:12', 90, NULL, NULL, NULL, NULL),
(402, 170, 'Innovative Theme', 30, '2023-08-04 10:51:16', 115, NULL, NULL, NULL, NULL),
(403, 58, '>41 to 70%', 5, '2023-08-04 10:51:22', 90, NULL, NULL, NULL, NULL),
(404, 58, '<40%', 0, '2023-08-04 10:51:37', 90, NULL, NULL, NULL, NULL),
(405, 59, '>71 to 100%', 10, '2023-08-04 10:51:55', 90, NULL, NULL, NULL, NULL),
(406, 59, '>41 to 70%', 5, '2023-08-04 10:52:09', 90, NULL, NULL, NULL, NULL),
(407, 59, '<40%', 0, '2023-08-04 10:53:26', 90, '2023-08-04 10:53:40', 90, NULL, NULL),
(408, 169, 'Simplicity/Sustainability/Creativity/Replicability', 40, '2023-08-04 10:53:49', 115, NULL, NULL, NULL, NULL),
(409, 60, '>71 to 100%', 10, '2023-08-04 10:53:59', 90, NULL, NULL, NULL, NULL),
(410, 60, '>41 to 70%', 5, '2023-08-04 10:54:13', 90, NULL, NULL, NULL, NULL),
(411, 60, '<40%', 0, '2023-08-04 10:54:25', 90, NULL, NULL, NULL, NULL),
(412, 98, '1 Mark for identification of each paryavaran doot', 10, '2023-08-04 10:55:55', 90, NULL, NULL, 115, '2023-08-04 11:28:00'),
(413, 135, '>100 E-Pledge', 10, '2023-08-04 10:58:28', 90, NULL, NULL, NULL, NULL),
(414, 135, '51-100 E-Pledge', 5, '2023-08-04 10:58:51', 90, NULL, NULL, NULL, NULL),
(415, 73, '>71 to 100%', 10, '2023-08-04 10:58:52', 90, NULL, NULL, NULL, NULL),
(416, 135, '21-50 E-Pledge', 3, '2023-08-04 10:59:09', 90, NULL, NULL, NULL, NULL),
(417, 73, '>41 to 70%', 5, '2023-08-04 10:59:28', 90, NULL, NULL, NULL, NULL),
(418, 135, '<20 E-Pledge', 0, '2023-08-04 10:59:33', 90, NULL, NULL, NULL, NULL),
(419, 156, '>500 Likes on TMC\'s Social Media page', 10, '2023-08-04 11:00:01', 90, NULL, NULL, NULL, NULL),
(420, 156, '301-500 Likes on TMC\'s Social Media page', 5, '2023-08-04 11:00:55', 90, NULL, NULL, NULL, NULL),
(421, 156, '101-300 Likes on TMC\'s Social Media page', 3, '2023-08-04 11:01:11', 90, NULL, NULL, NULL, NULL),
(422, 156, '<100 Likes on TMC\'s Social Media page', 0, '2023-08-04 11:01:43', 90, NULL, NULL, NULL, NULL),
(423, 200, 'Innovative Theme', 30, '2023-08-04 11:02:12', 90, '2023-08-04 11:02:21', 90, NULL, NULL),
(424, 73, '<40%', 0, '2023-08-04 11:03:44', 90, NULL, NULL, NULL, NULL),
(425, 200, 'Length, shooting & Video quality/frame', 30, '2023-08-04 11:04:04', 90, NULL, NULL, NULL, NULL),
(426, 200, 'No of plays & likes on social media page of TMC', 40, '2023-08-04 11:04:30', 90, NULL, NULL, NULL, NULL),
(427, 74, '>71 to 100%', 10, '2023-08-04 11:04:31', 90, NULL, NULL, NULL, NULL),
(428, 204, 'Innovative Theme/ Script and presentation', 40, '2023-08-04 11:04:53', 90, NULL, NULL, NULL, NULL),
(429, 74, '>41 to 70%', 5, '2023-08-04 11:05:04', 90, NULL, NULL, NULL, NULL),
(430, 204, 'Number of Actors and Length of play', 20, '2023-08-04 11:05:09', 90, NULL, NULL, NULL, NULL),
(431, 204, 'No of plays & likes on social media page of TMC', 40, '2023-08-04 11:05:33', 90, NULL, NULL, NULL, NULL),
(432, 208, 'Innovative Theme', 30, '2023-08-04 11:06:08', 90, NULL, NULL, NULL, NULL),
(433, 74, '<40%', 0, '2023-08-04 11:06:16', 90, NULL, NULL, NULL, NULL),
(434, 208, 'Size of sculpture/Structure', 30, '2023-08-04 11:06:31', 90, NULL, NULL, NULL, NULL),
(435, 208, 'Simplicity/Sustainability/Creativity/Replicability', 40, '2023-08-04 11:06:57', 90, NULL, NULL, NULL, NULL),
(436, 75, '>71 to 100%', 10, '2023-08-04 11:07:01', 90, NULL, NULL, NULL, NULL),
(437, 75, '>41 to 70%', 5, '2023-08-04 11:07:32', 90, NULL, NULL, NULL, NULL),
(438, 75, '<40%', 0, '2023-08-04 11:07:59', 90, NULL, NULL, NULL, NULL),
(439, 61, '05 or more trees', 10, '2023-08-04 11:08:20', 90, NULL, NULL, NULL, NULL),
(440, 76, '>71 to 100%', 10, '2023-08-04 11:08:34', 90, NULL, NULL, NULL, NULL),
(441, 61, '03 or more trees', 5, '2023-08-04 11:08:35', 90, NULL, NULL, NULL, NULL),
(442, 61, '<03 or more trees', 0, '2023-08-04 11:08:56', 90, NULL, NULL, NULL, NULL),
(443, 62, '05 Eco Tours', 10, '2023-08-04 11:09:13', 90, NULL, NULL, NULL, NULL),
(444, 76, '>41 to 70%', 5, '2023-08-04 11:09:13', 90, NULL, NULL, NULL, NULL),
(445, 76, '<40%', 0, '2023-08-04 11:10:15', 90, NULL, NULL, NULL, NULL),
(446, 62, '03 Eco Tours', 5, '2023-08-04 11:10:35', 90, NULL, NULL, NULL, NULL),
(447, 62, '<03 Eco Tours', 0, '2023-08-04 11:10:53', 90, NULL, NULL, NULL, NULL),
(448, 77, '>71 to 100%', 10, '2023-08-04 11:13:02', 90, NULL, NULL, NULL, NULL),
(449, 77, '>41 to 70%', 5, '2023-08-04 11:13:34', 90, NULL, NULL, NULL, NULL),
(450, 77, '<40%', 0, '2023-08-04 11:13:58', 90, NULL, NULL, NULL, NULL),
(451, 78, '>71 to 100%', 10, '2023-08-04 11:17:52', 90, NULL, NULL, NULL, NULL),
(452, 78, '>41 to 70%', 5, '2023-08-04 11:18:14', 90, NULL, NULL, NULL, NULL),
(453, 78, '<40%', 0, '2023-08-04 11:18:32', 90, NULL, NULL, NULL, NULL),
(454, 103, '0', 0, '2023-08-04 11:24:00', 90, NULL, NULL, NULL, NULL),
(455, 103, '1', 1, '2023-08-04 11:24:12', 90, NULL, NULL, NULL, NULL),
(456, 103, '2', 2, '2023-08-04 11:24:23', 90, NULL, NULL, NULL, NULL),
(457, 103, '3', 3, '2023-08-04 11:24:34', 90, NULL, NULL, NULL, NULL),
(458, 103, '4', 4, '2023-08-04 11:24:45', 90, NULL, NULL, NULL, NULL),
(459, 103, '5', 5, '2023-08-04 11:24:57', 90, '2023-08-04 11:25:03', 90, NULL, NULL),
(460, 103, '6', 6, '2023-08-04 11:25:21', 90, NULL, NULL, NULL, NULL),
(461, 103, '7', 7, '2023-08-04 11:25:36', 90, NULL, NULL, NULL, NULL),
(462, 103, '8', 8, '2023-08-04 11:25:49', 90, NULL, NULL, NULL, NULL),
(463, 103, '9', 9, '2023-08-04 11:26:02', 90, NULL, NULL, NULL, NULL),
(464, 103, '10', 10, '2023-08-04 11:26:15', 90, NULL, NULL, NULL, NULL),
(465, 134, '>100 E-Pledge', 10, '2023-08-04 11:27:50', 90, NULL, NULL, NULL, NULL),
(466, 134, '51-100 E-Pledge', 5, '2023-08-04 11:28:08', 90, '2023-08-04 11:28:27', 90, NULL, NULL),
(467, 134, '>41 to 70%', 3, '2023-08-04 11:28:37', 90, NULL, NULL, NULL, NULL),
(468, 134, '<40%', 0, '2023-08-04 11:28:52', 90, NULL, NULL, NULL, NULL),
(469, 95, '0', 0, '2023-08-04 11:29:36', 115, '2023-08-04 11:29:44', 115, NULL, NULL),
(470, 155, '>500 Likes on TMC\'s Social Media page', 10, '2023-08-04 11:29:54', 90, NULL, NULL, NULL, NULL),
(471, 95, '1', 1, '2023-08-04 11:30:02', 115, NULL, NULL, NULL, NULL),
(472, 155, '301-500 Likes on TMC\'s Social Media page', 5, '2023-08-04 11:30:13', 90, NULL, NULL, NULL, NULL),
(473, 95, '2', 2, '2023-08-04 11:30:14', 115, NULL, NULL, NULL, NULL),
(474, 155, '101-300 Likes on TMC\'s Social Media page', 3, '2023-08-04 11:30:28', 90, NULL, NULL, NULL, NULL),
(475, 95, '3', 3, '2023-08-04 11:30:29', 115, NULL, NULL, NULL, NULL),
(476, 95, '4', 4, '2023-08-04 11:30:46', 115, NULL, NULL, NULL, NULL),
(477, 155, '<100 Likes on TMC\'s Social Media page', 0, '2023-08-04 11:30:48', 90, NULL, NULL, NULL, NULL),
(478, 155, '<100 Likes on TMC\'s Social Media page', 0, '2023-08-04 11:30:49', 90, NULL, NULL, 90, '2023-08-04 11:31:05'),
(479, 95, '5', 5, '2023-08-04 11:30:58', 115, NULL, NULL, NULL, NULL),
(480, 139, '>100 E-Pledge', 10, '2023-08-04 11:32:10', 90, NULL, NULL, NULL, NULL),
(481, 139, '51-100 E-Pledge', 5, '2023-08-04 11:32:37', 90, NULL, NULL, NULL, NULL),
(482, 95, '6', 6, '2023-08-04 11:32:38', 115, NULL, NULL, NULL, NULL),
(483, 95, '7', 7, '2023-08-04 11:32:48', 115, NULL, NULL, NULL, NULL),
(484, 95, '8', 8, '2023-08-04 11:32:59', 115, NULL, NULL, NULL, NULL),
(485, 199, 'Innovative Theme', 30, '2023-08-04 11:33:04', 90, NULL, NULL, NULL, NULL),
(486, 139, '21-50 E-Pledge', 3, '2023-08-04 11:33:09', 90, NULL, NULL, NULL, NULL),
(487, 95, '9', 9, '2023-08-04 11:33:15', 115, NULL, NULL, NULL, NULL),
(488, 199, 'Lenght, Shooting & video quality/frame', 30, '2023-08-04 11:33:21', 90, NULL, NULL, NULL, NULL),
(489, 95, '10', 10, '2023-08-04 11:33:27', 115, NULL, NULL, NULL, NULL),
(490, 139, '<20 E-Pldege', 0, '2023-08-04 11:33:32', 90, NULL, NULL, NULL, NULL),
(491, 199, 'No of plays & likes on social media page of TMC', 40, '2023-08-04 11:33:35', 90, '2023-08-05 05:11:59', 90, NULL, NULL),
(492, 100, '0', 0, '2023-08-04 11:33:38', 115, NULL, NULL, NULL, NULL),
(493, 100, '1', 1, '2023-08-04 11:33:48', 115, NULL, NULL, NULL, NULL),
(494, 203, 'Innovative Theme/Script and Presentation', 40, '2023-08-04 11:33:51', 90, NULL, NULL, NULL, NULL),
(495, 100, '2', 2, '2023-08-04 11:34:00', 115, NULL, NULL, NULL, NULL),
(496, 160, '>500 likes on TMC’s Social  Media Page', 10, '2023-08-04 11:34:04', 90, NULL, NULL, NULL, NULL),
(497, 203, 'Number of Actors, Length of Play', 20, '2023-08-04 11:34:08', 90, NULL, NULL, NULL, NULL),
(498, 100, '3', 3, '2023-08-04 11:34:10', 115, NULL, NULL, NULL, NULL),
(499, 100, '4', 4, '2023-08-04 11:34:20', 115, NULL, NULL, NULL, NULL),
(500, 160, '301-500 likes on TMC’s  Social Media Page', 5, '2023-08-04 11:34:23', 90, NULL, NULL, NULL, NULL),
(501, 203, 'No of plays & likes on social media page of TMC', 40, '2023-08-04 11:34:29', 90, NULL, NULL, NULL, NULL),
(502, 105, '5', 5, '2023-08-04 11:34:33', 115, NULL, NULL, 115, '2023-08-04 11:34:37'),
(503, 195, 'Innovative Theme', 30, '2023-08-04 11:34:47', 90, NULL, NULL, 90, '2023-08-05 05:14:13'),
(504, 160, '101-300 likes on TMC’s  Social Media Page', 3, '2023-08-04 11:34:47', 90, NULL, NULL, NULL, NULL),
(505, 100, '5', 5, '2023-08-04 11:34:50', 115, NULL, NULL, NULL, NULL),
(506, 100, '6', 6, '2023-08-04 11:34:59', 115, NULL, NULL, NULL, NULL),
(507, 207, 'Size of sculpture/structure', 30, '2023-08-04 11:35:04', 90, NULL, NULL, NULL, NULL),
(508, 160, '<100 likes on TMC’s Social  Media Page', 0, '2023-08-04 11:35:05', 90, NULL, NULL, NULL, NULL),
(509, 100, '7', 7, '2023-08-04 11:35:15', 115, '2023-08-04 11:35:50', 115, NULL, NULL),
(510, 207, 'Simplicity / sustainability / creativity / replicability', 40, '2023-08-04 11:35:28', 90, NULL, NULL, NULL, NULL),
(511, 100, '8', 8, '2023-08-04 11:36:47', 115, NULL, NULL, NULL, NULL),
(512, 212, 'Innovative Theme', 30, '2023-08-04 11:36:57', 90, '2023-08-04 11:37:05', 90, NULL, NULL),
(513, 100, '9', 9, '2023-08-04 11:37:08', 115, NULL, NULL, NULL, NULL),
(514, 100, '10', 10, '2023-08-04 11:37:24', 115, NULL, NULL, NULL, NULL),
(515, 212, 'Lenght, Shooting & video quality/frame', 30, '2023-08-04 11:37:26', 90, NULL, NULL, NULL, NULL),
(516, 212, 'No of plays & likes on social media page of TMC', 40, '2023-08-04 11:37:49', 90, NULL, NULL, NULL, NULL),
(517, 63, '>30 LED Lights', 10, '2023-08-04 11:38:01', 115, NULL, NULL, NULL, NULL),
(518, 216, 'Innovative Theme/Script and Presentation', 40, '2023-08-04 11:38:10', 90, NULL, NULL, NULL, NULL),
(519, 63, '11-30 LED Lights', 5, '2023-08-04 11:38:17', 115, NULL, NULL, NULL, NULL),
(520, 63, '< 10 LED Lights', 0, '2023-08-04 11:38:31', 115, NULL, NULL, NULL, NULL),
(521, 216, 'Number of Actors, Length of Play', 20, '2023-08-04 11:38:43', 90, NULL, NULL, NULL, NULL),
(522, 64, '>30 Solar Lights', 10, '2023-08-04 11:38:49', 115, '2023-08-04 13:18:00', 127, NULL, NULL),
(523, 216, 'No of plays & likes for play tagged on social media  page of TMC', 40, '2023-08-04 11:39:04', 90, NULL, NULL, NULL, NULL),
(524, 64, '10-30 Solar Lights', 5, '2023-08-04 11:39:07', 115, NULL, NULL, NULL, NULL);
INSERT INTO `class_master` (`class_id`, `activity_id`, `class_name`, `marks`, `inserted_dt`, `inserted_by`, `modify_at`, `modify_by`, `deleted_by`, `deleted_dt`) VALUES
(525, 220, 'Innovative Theme', 30, '2023-08-04 11:39:33', 90, NULL, NULL, NULL, NULL),
(526, 98, '0', 0, '2023-08-04 11:39:35', 90, NULL, NULL, NULL, NULL),
(527, 64, '<10 Solar Lights', 0, '2023-08-04 11:39:40', 115, NULL, NULL, NULL, NULL),
(528, 98, '1', 1, '2023-08-04 11:39:47', 90, NULL, NULL, NULL, NULL),
(529, 98, '2', 2, '2023-08-04 11:39:59', 90, NULL, NULL, NULL, NULL),
(530, 65, 'Level-1 or 2 Type 2 no\'s E-Charging Station', 10, '2023-08-04 11:40:06', 115, NULL, NULL, NULL, NULL),
(531, 98, '3', 3, '2023-08-04 11:40:09', 90, NULL, NULL, NULL, NULL),
(532, 220, 'Size of sculpture/structure', 30, '2023-08-04 11:40:10', 90, NULL, NULL, NULL, NULL),
(533, 98, '4', 4, '2023-08-04 11:40:19', 90, NULL, NULL, NULL, NULL),
(534, 65, 'Level-1 or 2 Type 1 no\'s E-Charging Station', 5, '2023-08-04 11:40:23', 115, NULL, NULL, NULL, NULL),
(535, 98, '5', 5, '2023-08-04 11:40:31', 90, NULL, NULL, NULL, NULL),
(536, 220, 'Simplicity / sustainability / creativity / replicability', 40, '2023-08-04 11:40:35', 90, NULL, NULL, NULL, NULL),
(537, 98, '6', 6, '2023-08-04 11:40:41', 90, NULL, NULL, NULL, NULL),
(538, 65, 'No E-Charging Station', 0, '2023-08-04 11:40:46', 115, NULL, NULL, NULL, NULL),
(539, 98, '7', 7, '2023-08-04 11:40:54', 90, NULL, NULL, NULL, NULL),
(540, 98, '8', 8, '2023-08-04 11:41:07', 90, NULL, NULL, NULL, NULL),
(541, 71, 'Energy Audit Completed & Measures Are Implemented', 10, '2023-08-04 11:41:07', 115, NULL, NULL, NULL, NULL),
(542, 71, 'Energy Audit Completed & But Measures Are Not Implemented', 5, '2023-08-04 11:41:22', 115, NULL, NULL, NULL, NULL),
(543, 98, '9', 9, '2023-08-04 11:41:24', 90, NULL, NULL, NULL, NULL),
(544, 71, 'No Energy Audit', 0, '2023-08-04 11:41:37', 115, NULL, NULL, NULL, NULL),
(545, 98, '10', 10, '2023-08-04 11:41:40', 90, NULL, NULL, NULL, NULL),
(546, 133, '>100 E-Pledge', 10, '2023-08-04 11:42:00', 115, NULL, NULL, NULL, NULL),
(547, 133, '51-100 E-Pledge', 5, '2023-08-04 11:42:54', 115, NULL, NULL, NULL, NULL),
(548, 133, '21-50 E-Pledge', 3, '2023-08-04 11:43:10', 115, NULL, NULL, NULL, NULL),
(549, 108, '0', 0, '2023-08-04 11:43:13', 90, NULL, NULL, 90, '2023-08-05 05:51:29'),
(550, 97, '1', 1, '2023-08-04 11:43:24', 90, NULL, NULL, NULL, NULL),
(551, 133, '<20 E-Pledge', 0, '2023-08-04 11:43:28', 115, NULL, NULL, NULL, NULL),
(552, 97, '2', 2, '2023-08-04 11:43:34', 90, NULL, NULL, NULL, NULL),
(553, 109, '0', 0, '2023-08-04 11:43:41', 115, '2023-08-04 11:44:50', 115, NULL, NULL),
(554, 97, '3', 3, '2023-08-04 11:43:45', 90, NULL, NULL, NULL, NULL),
(555, 109, '1', 1, '2023-08-04 11:43:56', 115, '2023-08-04 11:45:02', 115, NULL, NULL),
(556, 97, '4', 4, '2023-08-04 11:43:56', 90, NULL, NULL, NULL, NULL),
(557, 109, '3', 3, '2023-08-04 11:44:07', 115, NULL, NULL, NULL, NULL),
(558, 97, '5', 5, '2023-08-04 11:44:07', 90, NULL, NULL, NULL, NULL),
(559, 109, '4', 4, '2023-08-04 11:44:18', 115, NULL, NULL, NULL, NULL),
(560, 97, '6', 6, '2023-08-04 11:44:27', 90, NULL, NULL, NULL, NULL),
(561, 97, '7', 7, '2023-08-04 11:44:37', 90, NULL, NULL, NULL, NULL),
(562, 97, '7', 7, '2023-08-04 11:44:49', 90, NULL, NULL, 90, '2023-08-04 11:45:39'),
(563, 97, '8', 8, '2023-08-04 11:44:58', 90, NULL, NULL, NULL, NULL),
(564, 97, '9', 9, '2023-08-04 11:44:58', 90, '2023-08-04 11:45:18', 90, NULL, NULL),
(565, 109, '2', 2, '2023-08-04 11:45:27', 115, NULL, NULL, NULL, NULL),
(566, 109, '5', 5, '2023-08-04 11:45:40', 115, NULL, NULL, NULL, NULL),
(567, 109, '6', 6, '2023-08-04 11:45:55', 115, NULL, NULL, NULL, NULL),
(568, 97, '10', 10, '2023-08-04 11:46:01', 90, NULL, NULL, NULL, NULL),
(569, 109, '7', 7, '2023-08-04 11:46:10', 115, NULL, NULL, NULL, NULL),
(570, 102, '0', 0, '2023-08-04 11:46:13', 90, NULL, NULL, NULL, NULL),
(571, 102, '1', 1, '2023-08-04 11:46:25', 90, NULL, NULL, NULL, NULL),
(572, 109, '8', 8, '2023-08-04 11:46:27', 115, NULL, NULL, NULL, NULL),
(573, 110, '9', 9, '2023-08-04 11:46:37', 115, NULL, NULL, NULL, NULL),
(574, 102, '2', 2, '2023-08-04 11:46:38', 90, NULL, NULL, NULL, NULL),
(575, 102, '3', 3, '2023-08-04 11:46:48', 90, NULL, NULL, NULL, NULL),
(576, 109, '10', 10, '2023-08-04 11:46:54', 115, NULL, NULL, NULL, NULL),
(577, 102, '4', 4, '2023-08-04 11:47:01', 90, NULL, NULL, NULL, NULL),
(578, 102, '5', 5, '2023-08-04 11:47:15', 90, NULL, NULL, NULL, NULL),
(579, 154, '>500 Likes on TMC\'s Social Media page', 10, '2023-08-04 11:47:23', 115, NULL, NULL, NULL, NULL),
(580, 102, '6', 6, '2023-08-04 11:47:29', 90, NULL, NULL, NULL, NULL),
(581, 154, '301-500 Likes on TMC\'s Social Media page', 5, '2023-08-04 11:47:40', 115, NULL, NULL, NULL, NULL),
(582, 102, '7', 7, '2023-08-04 11:47:43', 90, '2023-08-04 11:47:53', 90, NULL, NULL),
(583, 154, '101-300 Likes on TMC\'s Social Media page', 3, '2023-08-04 11:47:54', 115, NULL, NULL, NULL, NULL),
(584, 102, '8', 8, '2023-08-04 11:48:03', 90, NULL, NULL, NULL, NULL),
(585, 154, '<100 Likes on TMC\'s Social Media page', 0, '2023-08-04 11:48:09', 115, NULL, NULL, NULL, NULL),
(586, 102, '9', 9, '2023-08-04 11:48:14', 90, NULL, NULL, NULL, NULL),
(587, 102, '10', 10, '2023-08-04 11:48:26', 90, '2023-08-04 11:48:38', 90, NULL, NULL),
(588, 79, '05 or more trees', 10, '2023-08-04 11:48:51', 90, NULL, NULL, NULL, NULL),
(589, 198, 'Innovative Theme', 30, '2023-08-04 11:49:20', 115, NULL, NULL, NULL, NULL),
(590, 108, '0', 0, '2023-08-04 11:49:26', 90, '2023-08-04 11:49:34', 90, NULL, NULL),
(591, 79, '05 Eco Tours', 10, '2023-08-04 11:49:35', 90, NULL, NULL, NULL, NULL),
(592, 198, 'Length , Shooting and Video quality frame', 30, '2023-08-04 11:50:01', 115, NULL, NULL, NULL, NULL),
(593, 108, '1', 1, '2023-08-04 11:50:32', 90, NULL, NULL, NULL, NULL),
(594, 79, '03 or more trees', 5, '2023-08-04 11:50:40', 90, NULL, NULL, NULL, NULL),
(595, 108, '2', 2, '2023-08-04 11:50:43', 90, NULL, NULL, NULL, NULL),
(596, 108, '3', 3, '2023-08-04 11:50:53', 90, NULL, NULL, NULL, NULL),
(597, 108, '4', 4, '2023-08-04 11:51:05', 90, NULL, NULL, NULL, NULL),
(598, 108, '5', 5, '2023-08-04 11:51:16', 90, NULL, NULL, NULL, NULL),
(599, 108, '6', 6, '2023-08-04 11:51:25', 90, NULL, NULL, NULL, NULL),
(600, 79, '03 Eco Tours', 5, '2023-08-04 11:51:28', 90, NULL, NULL, NULL, NULL),
(601, 198, 'No of plays and likes on social media page of TMC', 40, '2023-08-04 11:51:30', 115, NULL, NULL, NULL, NULL),
(602, 108, '7', 7, '2023-08-04 11:51:47', 90, NULL, NULL, NULL, NULL),
(603, 108, '8', 8, '2023-08-04 11:51:56', 90, NULL, NULL, NULL, NULL),
(604, 79, '<03 Tree', 0, '2023-08-04 11:51:58', 90, NULL, NULL, NULL, NULL),
(605, 108, '9', 9, '2023-08-04 11:52:08', 90, NULL, NULL, NULL, NULL),
(606, 79, '<03 Eco Tours', 0, '2023-08-04 11:52:18', 90, NULL, NULL, NULL, NULL),
(607, 108, '10', 10, '2023-08-04 11:52:20', 90, NULL, NULL, NULL, NULL),
(608, 113, '0', 0, '2023-08-04 11:52:34', 90, NULL, NULL, NULL, NULL),
(609, 202, 'Innovative Theme/Script and Presentation', 40, '2023-08-04 11:52:35', 115, NULL, NULL, NULL, NULL),
(610, 113, '1', 1, '2023-08-04 11:52:52', 90, NULL, NULL, NULL, NULL),
(611, 80, '05 or more trees', 10, '2023-08-04 11:52:58', 90, NULL, NULL, NULL, NULL),
(612, 113, '2', 2, '2023-08-04 11:53:02', 90, NULL, NULL, NULL, NULL),
(613, 113, '3', 3, '2023-08-04 11:53:12', 90, NULL, NULL, NULL, NULL),
(614, 80, '05 Eco Tours', 10, '2023-08-04 11:53:17', 90, NULL, NULL, NULL, NULL),
(615, 202, 'No of Actors & no of plays', 20, '2023-08-04 11:53:19', 115, NULL, NULL, NULL, NULL),
(616, 113, '4', 4, '2023-08-04 11:53:21', 90, NULL, NULL, NULL, NULL),
(617, 113, '5', 5, '2023-08-04 11:53:31', 90, NULL, NULL, NULL, NULL),
(618, 80, '03 or more trees', 5, '2023-08-04 11:53:35', 90, NULL, NULL, NULL, NULL),
(619, 113, '6', 6, '2023-08-04 11:53:42', 90, NULL, NULL, NULL, NULL),
(620, 113, '7', 7, '2023-08-04 11:53:55', 90, NULL, NULL, NULL, NULL),
(621, 80, '<03 Tree', 0, '2023-08-04 11:53:57', 90, NULL, NULL, NULL, NULL),
(622, 113, '8', 8, '2023-08-04 11:54:14', 90, NULL, NULL, NULL, NULL),
(623, 80, '<03 Eco Tours', 0, '2023-08-04 11:54:20', 90, NULL, NULL, NULL, NULL),
(624, 202, 'No of plays and likes on social media page of TMC', 40, '2023-08-04 11:54:22', 115, NULL, NULL, NULL, NULL),
(625, 113, '9', 9, '2023-08-04 11:54:30', 90, NULL, NULL, NULL, NULL),
(626, 113, '10', 10, '2023-08-04 11:54:43', 90, NULL, NULL, NULL, NULL),
(627, 138, '>100 E-Pledge', 10, '2023-08-04 11:55:06', 90, NULL, NULL, NULL, NULL),
(628, 206, 'Innovative Theme', 30, '2023-08-04 11:55:18', 115, NULL, NULL, NULL, NULL),
(629, 138, '51-100 E-Pledge', 5, '2023-08-04 11:55:29', 90, NULL, NULL, NULL, NULL),
(630, 138, '21-50 E-Pledge', 3, '2023-08-04 11:55:45', 90, NULL, NULL, NULL, NULL),
(631, 138, '<20 E-Pldege', 0, '2023-08-04 11:56:09', 90, NULL, NULL, NULL, NULL),
(632, 206, 'size of sculpture/Structure', 30, '2023-08-04 11:56:16', 115, NULL, NULL, NULL, NULL),
(633, 159, '>500 likes on TMC’s Social  Media Page', 10, '2023-08-04 11:56:26', 90, NULL, NULL, NULL, NULL),
(634, 159, '301-500 likes on TMC’s  Social Media Page', 5, '2023-08-04 11:56:48', 90, NULL, NULL, NULL, NULL),
(635, 206, 'simplicity/sustainability/creativity/replicabilty', 40, '2023-08-04 11:57:26', 115, NULL, NULL, NULL, NULL),
(636, 159, '101-300 likes on TMC’s  Social Media Page', 3, '2023-08-04 11:57:31', 90, NULL, NULL, NULL, NULL),
(637, 159, '<100 likes on TMC’s Social  Media Page', 0, '2023-08-04 11:57:51', 90, NULL, NULL, NULL, NULL),
(638, 211, 'Innovative Theme', 30, '2023-08-04 11:58:36', 90, NULL, NULL, NULL, NULL),
(639, 211, 'Lenght, Shooting & video quality/frame', 30, '2023-08-04 11:58:57', 90, NULL, NULL, NULL, NULL),
(640, 211, 'No of plays & likes on social media page of TMC', 40, '2023-08-04 11:59:18', 90, NULL, NULL, NULL, NULL),
(641, 215, 'Innovative Theme/Script and Presentation', 40, '2023-08-04 11:59:42', 90, NULL, NULL, NULL, NULL),
(642, 215, 'Number of Actors, Length of Play', 20, '2023-08-04 12:00:02', 90, NULL, NULL, NULL, NULL),
(643, 215, 'No of plays & likes for play tagged on social media  page of TMC', 40, '2023-08-04 12:00:22', 90, NULL, NULL, NULL, NULL),
(644, 219, 'Innovative Theme', 30, '2023-08-04 12:00:43', 90, NULL, NULL, NULL, NULL),
(645, 105, '0', 0, '2023-08-04 12:00:55', 90, NULL, NULL, NULL, NULL),
(646, 219, 'Size of sculpture/structure', 30, '2023-08-04 12:01:04', 90, NULL, NULL, NULL, NULL),
(647, 105, '1', 1, '2023-08-04 12:01:07', 90, NULL, NULL, NULL, NULL),
(648, 219, 'Simplicity / sustainability / creativity / replicability', 40, '2023-08-04 12:02:20', 90, NULL, NULL, NULL, NULL),
(649, 106, '0', 0, '2023-08-04 12:03:38', 90, '2023-08-04 12:04:06', 90, NULL, NULL),
(650, 66, 'Proper and maintained RWH System along with efficient use of water', 10, '2023-08-04 12:04:19', 115, NULL, NULL, NULL, NULL),
(651, 106, '1', 1, '2023-08-04 12:04:37', 90, NULL, NULL, NULL, NULL),
(652, 66, 'RWH without use of water', 5, '2023-08-04 12:04:45', 115, NULL, NULL, NULL, NULL),
(653, 106, '2', 2, '2023-08-04 12:04:50', 90, NULL, NULL, NULL, NULL),
(654, 66, 'No RWH', 0, '2023-08-04 12:05:02', 115, NULL, NULL, NULL, NULL),
(655, 106, '3', 3, '2023-08-04 12:05:16', 90, NULL, NULL, NULL, NULL),
(656, 67, 'Rain Water Percolation Pit', 5, '2023-08-04 12:05:20', 115, NULL, NULL, NULL, NULL),
(657, 106, '4', 4, '2023-08-04 12:05:27', 90, NULL, NULL, NULL, NULL),
(658, 67, 'No Rain Water Percolation Pit', 0, '2023-08-04 12:05:39', 115, NULL, NULL, NULL, NULL),
(659, 106, '5', 5, '2023-08-04 12:05:41', 90, NULL, NULL, NULL, NULL),
(660, 106, '6', 6, '2023-08-04 12:05:52', 90, NULL, NULL, NULL, NULL),
(661, 68, 'Borewell Recharging Without reuse Of Water', 5, '2023-08-04 12:05:58', 115, NULL, NULL, NULL, NULL),
(662, 106, '7', 7, '2023-08-04 12:06:05', 90, NULL, NULL, NULL, NULL),
(663, 68, 'No Borewell Recharging', 0, '2023-08-04 12:06:12', 115, NULL, NULL, NULL, NULL),
(664, 106, '8', 8, '2023-08-04 12:06:19', 90, NULL, NULL, NULL, NULL),
(665, 69, 'Proper and maintained STP System along with efficient use of water', 10, '2023-08-04 12:06:29', 115, NULL, NULL, NULL, NULL),
(666, 106, '9', 9, '2023-08-04 12:06:30', 90, NULL, NULL, NULL, NULL),
(667, 106, '10', 10, '2023-08-04 12:06:43', 90, NULL, NULL, NULL, NULL),
(668, 69, 'STP without reuse of Water', 5, '2023-08-04 12:06:45', 115, NULL, NULL, NULL, NULL),
(669, 111, '0', 0, '2023-08-04 12:06:59', 90, NULL, NULL, NULL, NULL),
(670, 69, 'No STP System', 0, '2023-08-04 12:06:59', 115, NULL, NULL, NULL, NULL),
(671, 111, '1', 1, '2023-08-04 12:07:10', 90, NULL, NULL, NULL, NULL),
(672, 70, 'If water audit completed or measures are Implemented', 10, '2023-08-04 12:07:19', 115, '2023-08-04 12:07:26', 115, NULL, NULL),
(673, 111, '2', 2, '2023-08-04 12:07:25', 90, NULL, NULL, NULL, NULL),
(674, 111, '3', 3, '2023-08-04 12:07:37', 90, NULL, NULL, NULL, NULL),
(675, 70, 'If water audit completed or measures are not Implemented', 5, '2023-08-04 12:07:42', 115, NULL, NULL, NULL, NULL),
(676, 111, '4', 4, '2023-08-04 12:07:48', 90, NULL, NULL, NULL, NULL),
(677, 70, 'No Water Audit', 0, '2023-08-04 12:07:57', 115, NULL, NULL, NULL, NULL),
(678, 111, '5', 5, '2023-08-04 12:08:02', 90, NULL, NULL, NULL, NULL),
(679, 111, '6', 6, '2023-08-04 12:08:15', 90, NULL, NULL, NULL, NULL),
(680, 114, '0', 0, '2023-08-04 12:08:26', 115, NULL, NULL, NULL, NULL),
(681, 111, '7', 7, '2023-08-04 12:08:28', 90, NULL, NULL, NULL, NULL),
(682, 111, '8', 8, '2023-08-04 12:08:40', 90, NULL, NULL, NULL, NULL),
(683, 114, '1', 1, '2023-08-04 12:08:42', 115, NULL, NULL, NULL, NULL),
(684, 114, '2', 2, '2023-08-04 12:08:53', 115, NULL, NULL, NULL, NULL),
(685, 111, '9', 9, '2023-08-04 12:08:58', 90, NULL, NULL, NULL, NULL),
(686, 81, '>30 LED', 10, '2023-08-04 12:09:06', 90, '2023-08-04 12:17:59', 90, NULL, NULL),
(687, 111, '10', 10, '2023-08-04 12:09:08', 90, NULL, NULL, NULL, NULL),
(688, 114, '3', 3, '2023-08-04 12:09:21', 115, NULL, NULL, NULL, NULL),
(689, 114, '4', 4, '2023-08-04 12:09:40', 115, NULL, NULL, NULL, NULL),
(690, 81, 'Net Metering System', 10, '2023-08-04 12:09:45', 90, NULL, NULL, 90, '2023-08-04 12:18:38'),
(691, 114, '5', 5, '2023-08-04 12:09:49', 115, NULL, NULL, NULL, NULL),
(692, 114, '6', 6, '2023-08-04 12:09:58', 115, NULL, NULL, NULL, NULL),
(693, 114, '7', 7, '2023-08-04 12:10:07', 115, NULL, NULL, NULL, NULL),
(694, 81, 'Solar Roof', 10, '2023-08-04 12:10:09', 90, NULL, NULL, 90, '2023-08-04 12:18:24'),
(695, 114, '8', 8, '2023-08-04 12:10:20', 115, NULL, NULL, NULL, NULL),
(696, 114, '9', 9, '2023-08-04 12:12:56', 115, NULL, NULL, NULL, NULL),
(697, 114, '10', 10, '2023-08-04 12:13:15', 115, NULL, NULL, NULL, NULL),
(698, 153, '>500 Likes on TMC\'s Social Media page', 10, '2023-08-04 12:13:52', 115, NULL, NULL, NULL, NULL),
(699, 153, '301-500 Likes on TMC\'s Social Media page', 5, '2023-08-04 12:14:12', 115, NULL, NULL, NULL, NULL),
(700, 153, '101-300 Likes on TMC\'s Social Media page', 3, '2023-08-04 12:14:28', 115, NULL, NULL, NULL, NULL),
(701, 153, '<100 Likes on TMC\'s Social Media page', 0, '2023-08-04 12:14:47', 115, NULL, NULL, NULL, NULL),
(702, 197, 'Innovative Theme', 30, '2023-08-04 12:15:19', 115, NULL, NULL, NULL, NULL),
(703, 197, 'No of plays and likes on social media page of TMC', 40, '2023-08-04 12:16:00', 115, NULL, NULL, NULL, NULL),
(704, 197, 'Length shooting and video quality /frame', 30, '2023-08-04 12:16:40', 115, NULL, NULL, NULL, NULL),
(705, 201, 'Innovative Theme/Script and Presentation', 40, '2023-08-04 12:17:30', 115, NULL, NULL, NULL, NULL),
(706, 201, 'No of Actors & no of plays', 20, '2023-08-04 12:17:48', 115, NULL, NULL, NULL, NULL),
(707, 201, 'No of plays and likes on social media page of TMC', 40, '2023-08-04 12:18:12', 115, NULL, NULL, NULL, NULL),
(708, 97, '0', 0, '2023-08-04 12:19:01', 90, NULL, NULL, NULL, NULL),
(709, 205, 'Innovative Theme', 30, '2023-08-04 12:19:01', 115, NULL, NULL, NULL, NULL),
(710, 81, '11-30 LED Lights', 5, '2023-08-04 12:19:08', 90, NULL, NULL, NULL, NULL),
(711, 205, 'size of sculpture/Structure', 30, '2023-08-04 12:19:22', 115, NULL, NULL, NULL, NULL),
(712, 81, '< 10 LED Lights', 0, '2023-08-04 12:19:24', 90, NULL, NULL, NULL, NULL),
(713, 205, 'simplicity/sustainability/creativity/replicabilty', 40, '2023-08-04 12:19:52', 115, NULL, NULL, NULL, NULL),
(714, 82, '>30 Solar Roof', 10, '2023-08-04 12:20:44', 90, NULL, NULL, NULL, NULL),
(715, 82, '10-30 Solar Lights', 5, '2023-08-04 12:21:07', 90, NULL, NULL, NULL, NULL),
(716, 82, '<10 Solar Lights', 0, '2023-08-04 12:21:28', 90, NULL, NULL, NULL, NULL),
(717, 83, 'Level-1 or 2 Type 2 no\'s E-Charging Station', 10, '2023-08-04 12:22:09', 90, NULL, NULL, NULL, NULL),
(718, 83, 'Level-1 or 2 Type 1 no\'s E-Charging Station', 5, '2023-08-04 12:22:32', 90, NULL, NULL, NULL, NULL),
(719, 83, 'No E-Charging Station', 0, '2023-08-04 12:22:53', 90, NULL, NULL, NULL, NULL),
(720, 89, 'Energy Audit Completed & Measures Are Implemented', 10, '2023-08-04 12:23:48', 90, NULL, NULL, NULL, NULL),
(721, 89, 'Energy Audit Completed & But Measures Are Not Implemented', 5, '2023-08-04 12:24:10', 90, NULL, NULL, NULL, NULL),
(722, 89, 'No Energy Audit', 0, '2023-08-04 12:24:28', 90, NULL, NULL, NULL, NULL),
(723, 96, '1', 1, '2023-08-04 12:25:43', 115, NULL, NULL, NULL, NULL),
(724, 96, '2', 2, '2023-08-04 12:26:00', 115, '2023-08-04 12:52:34', 90, NULL, NULL),
(725, 96, '3', 3, '2023-08-04 12:26:19', 115, NULL, NULL, NULL, NULL),
(726, 137, '>100 E-Pledge', 10, '2023-08-04 12:26:29', 90, NULL, NULL, NULL, NULL),
(727, 96, '4', 4, '2023-08-04 12:26:35', 115, NULL, NULL, NULL, NULL),
(728, 137, '51-100 E-Pledge', 5, '2023-08-04 12:26:46', 90, NULL, NULL, NULL, NULL),
(729, 24, '5', 5, '2023-08-04 12:26:50', 115, NULL, NULL, 90, '2023-08-05 06:27:16'),
(730, 137, '21-50 E-Pledge', 3, '2023-08-04 12:27:04', 90, NULL, NULL, NULL, NULL),
(731, 96, '6', 6, '2023-08-04 12:27:09', 115, NULL, NULL, NULL, NULL),
(732, 96, '7', 7, '2023-08-04 12:27:23', 115, NULL, NULL, NULL, NULL),
(733, 96, '8', 8, '2023-08-04 12:27:38', 115, NULL, NULL, NULL, NULL),
(734, 96, '9', 9, '2023-08-04 12:27:39', 115, '2023-08-04 12:53:22', 90, NULL, NULL),
(735, 96, '10', 10, '2023-08-04 12:27:54', 115, '2023-08-04 12:53:45', 90, NULL, NULL),
(736, 96, '0', 0, '2023-08-04 12:28:07', 115, '2023-08-04 12:54:07', 90, NULL, NULL),
(737, 137, '<20 E-Pldege', 0, '2023-08-04 12:31:00', 90, NULL, NULL, NULL, NULL),
(738, 158, '>500 Likes on TMC\'s Social Media page', 10, '2023-08-04 12:32:18', 90, NULL, NULL, NULL, NULL),
(739, 158, '301-500 Likes on TMC\'s Social Media page', 5, '2023-08-04 12:32:42', 90, NULL, NULL, NULL, NULL),
(740, 101, '0', 0, '2023-08-04 12:32:56', 115, NULL, NULL, NULL, NULL),
(741, 158, '101-300 Likes on TMC\'s Social Media page', 3, '2023-08-04 12:33:04', 90, NULL, NULL, NULL, NULL),
(742, 101, '1', 1, '2023-08-04 12:33:11', 115, NULL, NULL, NULL, NULL),
(743, 101, '2', 2, '2023-08-04 12:33:21', 115, NULL, NULL, NULL, NULL),
(744, 158, '<100 Likes on TMC\'s Social Media page', 0, '2023-08-04 12:33:22', 90, NULL, NULL, NULL, NULL),
(745, 101, '3', 3, '2023-08-04 12:33:35', 115, NULL, NULL, NULL, NULL),
(746, 101, '4', 4, '2023-08-04 12:33:45', 115, NULL, NULL, NULL, NULL),
(747, 210, 'Innovative Theme', 30, '2023-08-04 12:33:47', 90, NULL, NULL, NULL, NULL),
(748, 101, '5', 5, '2023-08-04 12:33:55', 115, NULL, NULL, NULL, NULL),
(749, 102, '6', 6, '2023-08-04 12:34:05', 115, NULL, NULL, 90, '2023-08-05 05:01:01'),
(750, 102, '7', 7, '2023-08-04 12:34:17', 115, NULL, NULL, 90, '2023-08-05 05:00:12'),
(751, 101, '6', 6, '2023-08-04 12:34:27', 115, '2023-08-04 12:56:49', 90, NULL, NULL),
(752, 210, 'Lenght, Shooting & video quality/frame', 30, '2023-08-04 12:34:41', 90, NULL, NULL, NULL, NULL),
(753, 101, '7', 7, '2023-08-04 12:34:41', 115, '2023-08-04 12:57:07', 90, NULL, NULL),
(754, 101, '8', 8, '2023-08-04 12:34:53', 115, '2023-08-04 12:57:54', 90, NULL, NULL),
(755, 210, 'No of plays & likes on social media page of TMC', 40, '2023-08-04 12:35:00', 90, NULL, NULL, NULL, NULL),
(756, 107, '0', 0, '2023-08-04 12:35:07', 115, NULL, NULL, NULL, NULL),
(757, 108, '1', 1, '2023-08-04 12:35:18', 115, NULL, NULL, 90, '2023-08-05 05:04:38'),
(758, 214, 'Innovative Theme/Script and Presentation', 40, '2023-08-04 12:35:20', 90, NULL, NULL, NULL, NULL),
(759, 107, '1', 1, '2023-08-04 12:35:31', 115, '2023-08-04 13:08:17', 90, NULL, NULL),
(760, 108, '3', 3, '2023-08-04 12:35:44', 115, NULL, NULL, 90, '2023-08-05 05:04:30'),
(761, 109, '4', 4, '2023-08-04 12:35:56', 115, NULL, NULL, 127, '2023-08-04 13:23:48'),
(762, 214, 'Number of Actors, Length of Play', 20, '2023-08-04 12:36:00', 90, NULL, NULL, 90, '2023-08-04 12:59:54'),
(763, 214, 'Number of Actors, Length of Play', 20, '2023-08-04 12:36:00', 90, NULL, NULL, NULL, NULL),
(764, 109, '5', 5, '2023-08-04 12:36:05', 115, NULL, NULL, 127, '2023-08-04 13:24:02'),
(765, 109, '6', 6, '2023-08-04 12:36:16', 115, NULL, NULL, 127, '2023-08-04 13:24:16'),
(766, 214, 'No of plays & likes for play tagged on social media  page of TMC', 40, '2023-08-04 12:36:22', 90, NULL, NULL, NULL, NULL),
(767, 109, '7', 7, '2023-08-04 12:36:27', 115, NULL, NULL, 127, '2023-08-04 13:25:11'),
(768, 109, '8', 8, '2023-08-04 12:36:37', 115, NULL, NULL, 127, '2023-08-04 13:25:27'),
(769, 109, '9', 9, '2023-08-04 12:36:48', 115, NULL, NULL, 127, '2023-08-04 13:25:50'),
(770, 109, '10', 10, '2023-08-04 12:36:59', 115, NULL, NULL, 127, '2023-08-04 13:26:19'),
(771, 218, 'Innovative Theme', 30, '2023-08-04 12:37:01', 90, NULL, NULL, NULL, NULL),
(772, 114, '0', 0, '2023-08-04 12:37:09', 115, NULL, NULL, 90, '2023-08-05 06:04:02'),
(773, 112, '1', 1, '2023-08-04 12:37:23', 115, NULL, NULL, 90, '2023-08-04 13:27:24'),
(774, 114, '2', 2, '2023-08-04 12:37:36', 115, NULL, NULL, 90, '2023-08-05 06:04:14'),
(775, 218, 'Size of sculpture/structure', 30, '2023-08-04 12:37:44', 90, NULL, NULL, NULL, NULL),
(776, 114, '3', 3, '2023-08-04 12:37:49', 115, NULL, NULL, 127, '2023-08-04 13:27:46'),
(777, 114, '4', 4, '2023-08-04 12:38:00', 115, NULL, NULL, 127, '2023-08-04 13:27:34'),
(778, 218, 'Simplicity / sustainability / creativity / replicability', 40, '2023-08-04 12:38:02', 90, NULL, NULL, NULL, NULL),
(779, 114, '5', 55, '2023-08-04 12:38:10', 115, NULL, NULL, 127, '2023-08-04 13:27:56'),
(780, 114, '6', 6, '2023-08-04 12:38:21', 115, NULL, NULL, 127, '2023-08-04 13:28:08'),
(781, 114, '7', 7, '2023-08-04 12:38:30', 115, NULL, NULL, 127, '2023-08-04 13:28:17'),
(782, 114, '8', 8, '2023-08-04 12:38:40', 115, NULL, NULL, 127, '2023-08-04 13:28:26'),
(783, 109, '9', 9, '2023-08-04 12:38:51', 115, NULL, NULL, 127, '2023-08-04 13:22:24'),
(784, 109, '9', 9, '2023-08-04 12:38:52', 115, NULL, NULL, 115, '2023-08-04 12:39:04'),
(785, 112, '10', 10, '2023-08-04 12:39:15', 115, NULL, NULL, 90, '2023-08-04 13:27:10'),
(786, 84, 'Proper and maintained RWH System along with efficient use of water', 10, '2023-08-04 12:39:50', 90, NULL, NULL, NULL, NULL),
(787, 84, 'RWH without use of water', 5, '2023-08-04 12:40:09', 90, NULL, NULL, NULL, NULL),
(788, 84, 'No RWH', 0, '2023-08-04 12:40:24', 90, NULL, NULL, NULL, NULL),
(789, 85, 'No Rain Water Percolation Pit', 0, '2023-08-04 12:41:38', 90, NULL, NULL, NULL, NULL),
(790, 85, 'Rain Water Percolation Pit', 5, '2023-08-04 12:42:03', 90, NULL, NULL, NULL, NULL),
(791, 86, 'Borewell Recharging Without reuse Of Water', 5, '2023-08-04 12:43:55', 90, NULL, NULL, NULL, NULL),
(792, 86, 'No Borewell Recharging', 0, '2023-08-04 12:44:12', 90, NULL, NULL, NULL, NULL),
(793, 87, 'Proper and maintained STP System along with efficient use of water', 10, '2023-08-04 12:45:35', 90, NULL, NULL, NULL, NULL),
(794, 87, 'STP without reuse of Water', 5, '2023-08-04 12:45:54', 90, NULL, NULL, NULL, NULL),
(795, 87, 'No STP System', 0, '2023-08-04 12:46:11', 90, NULL, NULL, NULL, NULL),
(796, 88, 'If water audit completed or measures are Implemented', 10, '2023-08-04 12:47:08', 90, NULL, NULL, NULL, NULL),
(797, 88, 'If water audit completed or measures are not Implemented', 5, '2023-08-04 12:47:27', 90, NULL, NULL, NULL, NULL),
(798, 88, 'No Water Audit', 0, '2023-08-04 12:47:43', 90, NULL, NULL, NULL, NULL),
(799, 136, '>100 E-Pledge', 10, '2023-08-04 12:51:47', 90, NULL, NULL, NULL, NULL),
(800, 136, '51-100 E-Pledge', 5, '2023-08-04 12:52:08', 90, NULL, NULL, NULL, NULL),
(801, 136, '21-50 E-Pledge', 3, '2023-08-04 12:52:23', 90, NULL, NULL, NULL, NULL),
(802, 136, '<20 E-Pldege', 0, '2023-08-04 12:52:44', 90, NULL, NULL, NULL, NULL),
(803, 157, '>500 Likes on TMC\'s Social Media page', 10, '2023-08-04 12:53:28', 90, NULL, NULL, NULL, NULL),
(804, 157, '301-500 Likes on TMC\'s Social Media page', 5, '2023-08-04 12:53:45', 90, NULL, NULL, NULL, NULL),
(805, 157, '101-300 Likes on TMC\'s Social Media page', 3, '2023-08-04 12:54:00', 90, NULL, NULL, NULL, NULL),
(806, 157, '<100 Likes on TMC\'s Social Media page', 0, '2023-08-04 12:54:17', 90, NULL, NULL, NULL, NULL),
(807, 147, '>500 Likes on TMC\'s Social Media page', 10, '2023-08-04 12:55:05', 125, NULL, NULL, NULL, NULL),
(808, 151, '301-500 Likes on TMC\'s Social Media page', 5, '2023-08-04 12:55:23', 125, NULL, NULL, 90, '2023-08-05 05:01:43'),
(809, 147, '101-300 Likes on TMC\'s Social Media page', 3, '2023-08-04 12:55:38', 125, NULL, NULL, NULL, NULL),
(810, 147, '<100 Likes on TMC\'s Social Media page', 0, '2023-08-04 12:55:59', 125, NULL, NULL, NULL, NULL),
(811, 209, 'Innovative Theme', 30, '2023-08-04 12:56:19', 90, NULL, NULL, NULL, NULL),
(812, 209, 'Lenght, Shooting & video quality/frame', 30, '2023-08-04 12:56:40', 90, NULL, NULL, NULL, NULL),
(813, 209, 'No of plays & likes on social media page of TMC', 40, '2023-08-04 12:56:58', 90, NULL, NULL, NULL, NULL),
(814, 30, 'No RWH', 0, '2023-08-04 12:57:03', 125, NULL, NULL, NULL, NULL),
(815, 213, 'Innovative Theme/Script and Presentation', 40, '2023-08-04 12:57:20', 90, NULL, NULL, NULL, NULL),
(816, 101, '9', 9, '2023-08-04 12:58:28', 90, NULL, NULL, NULL, NULL),
(817, 101, '10', 10, '2023-08-04 12:58:43', 90, NULL, NULL, NULL, NULL),
(818, 213, 'Number of Actors, Length of Play', 20, '2023-08-04 12:59:14', 90, NULL, NULL, NULL, NULL),
(819, 213, 'No of plays & likes for play tagged on social media page of TMC', 40, '2023-08-04 13:00:13', 90, '2023-08-04 13:00:19', 90, NULL, NULL),
(820, 217, 'Innovative Theme', 30, '2023-08-04 13:01:59', 90, NULL, NULL, NULL, NULL),
(821, 217, 'Size of sculpture/structure', 30, '2023-08-04 13:02:52', 90, NULL, NULL, NULL, NULL),
(822, 107, '2', 2, '2023-08-04 13:03:17', 125, '2023-08-04 13:12:19', 90, NULL, NULL),
(823, 217, 'Simplicity / sustainability / creativity / replicability', 40, '2023-08-04 13:03:22', 90, NULL, NULL, NULL, NULL),
(824, 107, '3', 3, '2023-08-04 13:03:29', 125, NULL, NULL, NULL, NULL),
(825, 107, '4', 4, '2023-08-04 13:03:39', 125, NULL, NULL, 127, '2023-08-04 13:22:49'),
(826, 107, '5', 5, '2023-08-04 13:03:51', 125, NULL, NULL, 127, '2023-08-04 13:22:59'),
(827, 107, '6', 6, '2023-08-04 13:04:03', 125, NULL, NULL, 127, '2023-08-04 13:24:34'),
(828, 107, '4', 4, '2023-08-04 13:04:16', 125, '2023-08-05 04:36:42', 90, NULL, NULL),
(829, 107, '5', 5, '2023-08-04 13:04:28', 125, '2023-08-05 04:37:58', 90, NULL, NULL),
(830, 107, '6', 6, '2023-08-04 13:04:38', 125, '2023-08-05 04:38:08', 90, NULL, NULL),
(831, 107, '7', 7, '2023-08-04 13:04:50', 125, '2023-08-05 04:38:37', 90, NULL, NULL),
(832, 112, '0', 0, '2023-08-04 13:05:08', 125, NULL, NULL, NULL, NULL),
(833, 112, '1', 1, '2023-08-04 13:05:19', 125, '2023-08-04 13:20:50', 90, NULL, NULL),
(834, 112, '2', 2, '2023-08-04 13:05:32', 125, '2023-08-04 13:21:09', 90, NULL, NULL),
(835, 112, '3', 3, '2023-08-04 13:05:44', 125, '2023-08-04 13:21:34', 90, NULL, NULL),
(836, 113, '5', 5, '2023-08-04 13:05:55', 125, NULL, NULL, 90, '2023-08-05 04:59:48'),
(837, 112, '4', 4, '2023-08-04 13:06:22', 125, '2023-08-04 13:21:49', 90, NULL, NULL),
(838, 147, '301-500 Likes on TMC\'s Social Media page', 5, '2023-08-04 13:06:23', 90, NULL, NULL, NULL, NULL),
(839, 113, '7', 7, '2023-08-04 13:06:33', 125, NULL, NULL, 90, '2023-08-05 04:58:55'),
(840, 112, '8', 8, '2023-08-04 13:06:46', 125, NULL, NULL, 90, '2023-08-04 13:22:02'),
(841, 112, '9', 9, '2023-08-04 13:07:01', 125, NULL, NULL, 90, '2023-08-04 13:22:11'),
(842, 146, '<100 Likes on TMC\'s Social Media page', 0, '2023-08-04 13:18:15', 90, NULL, NULL, NULL, NULL),
(843, 135, '>100 E-Pledge', 10, '2023-08-04 13:19:37', 127, NULL, NULL, 127, '2023-08-04 13:20:16'),
(844, 132, '>100 E-Pledge', 10, '2023-08-04 13:20:29', 127, NULL, NULL, NULL, NULL),
(845, 132, '51-100 E-Pledge', 5, '2023-08-04 13:20:46', 127, NULL, NULL, NULL, NULL),
(846, 132, '21-50 E-Pledge', 3, '2023-08-04 13:21:01', 127, NULL, NULL, NULL, NULL),
(847, 132, '<20 E-Pledge', 0, '2023-08-04 13:21:16', 127, NULL, NULL, NULL, NULL),
(848, 109, '9', 9, '2023-08-04 13:26:51', 127, NULL, NULL, NULL, NULL),
(849, 115, '0', 0, '2023-08-04 13:26:59', 90, NULL, NULL, NULL, NULL),
(850, 115, '1', 1, '2023-08-04 13:27:19', 90, NULL, NULL, NULL, NULL),
(851, 115, '2', 2, '2023-08-04 13:27:31', 90, NULL, NULL, NULL, NULL),
(852, 115, '3', 3, '2023-08-04 13:27:40', 90, NULL, NULL, NULL, NULL),
(853, 115, '4', 4, '2023-08-04 13:27:54', 90, NULL, NULL, NULL, NULL),
(854, 115, '5', 5, '2023-08-04 13:28:04', 90, NULL, NULL, NULL, NULL),
(855, 115, '6', 6, '2023-08-04 13:28:17', 90, NULL, NULL, NULL, NULL),
(856, 115, '7', 7, '2023-08-04 13:28:28', 90, NULL, NULL, NULL, NULL),
(857, 115, '8', 8, '2023-08-04 13:28:38', 90, NULL, NULL, NULL, NULL),
(858, 145, '>500 Likes on TMC\'s Social Media page', 10, '2023-08-04 13:28:41', 90, '2023-08-05 04:44:18', 90, NULL, NULL),
(859, 115, '9', 9, '2023-08-04 13:28:49', 90, NULL, NULL, NULL, NULL),
(860, 145, '6', 6, '2023-08-04 13:28:52', 90, NULL, NULL, 90, '2023-08-04 13:30:15'),
(861, 145, '7', 7, '2023-08-04 13:29:03', 90, NULL, NULL, 90, '2023-08-04 13:30:41'),
(862, 115, '10', 10, '2023-08-04 13:29:06', 90, NULL, NULL, 90, '2023-08-04 13:30:20'),
(863, 145, '8', 8, '2023-08-04 13:29:15', 90, NULL, NULL, 90, '2023-08-04 13:30:25'),
(864, 110, '0', 0, '2023-08-04 13:29:30', 90, NULL, NULL, 90, '2023-08-04 13:30:34'),
(865, 145, '9', 9, '2023-08-04 13:29:31', 90, NULL, NULL, 90, '2023-08-04 13:30:29'),
(866, 145, '10', 10, '2023-08-04 13:29:47', 90, NULL, NULL, 90, '2023-08-04 13:30:32'),
(867, 107, '7', 7, '2023-08-05 04:39:12', 90, NULL, NULL, 90, '2023-08-05 04:40:35'),
(868, 107, '8', 8, '2023-08-05 04:39:25', 90, NULL, NULL, NULL, NULL),
(869, 107, '9', 9, '2023-08-05 04:39:38', 90, NULL, NULL, NULL, NULL),
(870, 107, '10', 10, '2023-08-05 04:39:57', 90, NULL, NULL, NULL, NULL),
(871, 112, '5', 5, '2023-08-05 04:41:21', 90, NULL, NULL, NULL, NULL),
(872, 112, '6', 6, '2023-08-05 04:41:42', 90, NULL, NULL, NULL, NULL),
(873, 112, '7', 7, '2023-08-05 04:41:57', 90, NULL, NULL, NULL, NULL),
(874, 112, '8', 8, '2023-08-05 04:42:25', 90, NULL, NULL, NULL, NULL),
(875, 112, '9', 9, '2023-08-05 04:42:36', 90, NULL, NULL, NULL, NULL),
(876, 112, '10', 10, '2023-08-05 04:42:50', 90, NULL, NULL, NULL, NULL),
(877, 115, '10', 10, '2023-08-05 04:56:50', 90, NULL, NULL, NULL, NULL),
(878, 110, '0', 0, '2023-08-05 04:58:56', 90, NULL, NULL, NULL, NULL),
(879, 110, '1', 1, '2023-08-05 04:59:11', 90, NULL, NULL, NULL, NULL),
(880, 110, '2', 2, '2023-08-05 04:59:23', 90, NULL, NULL, NULL, NULL),
(881, 110, '3', 3, '2023-08-05 04:59:50', 90, NULL, NULL, NULL, NULL),
(882, 110, '4', 4, '2023-08-05 05:00:14', 90, NULL, NULL, NULL, NULL),
(883, 110, '5', 5, '2023-08-05 05:00:25', 90, NULL, NULL, NULL, NULL),
(884, 110, '6', 6, '2023-08-05 05:00:46', 90, NULL, NULL, NULL, NULL),
(885, 110, '6', 6, '2023-08-05 05:01:05', 90, NULL, NULL, 90, '2023-08-05 05:01:14'),
(886, 110, '7', 7, '2023-08-05 05:03:42', 90, NULL, NULL, NULL, NULL),
(887, 110, '8', 8, '2023-08-05 05:04:06', 90, NULL, NULL, NULL, NULL),
(888, 110, '9', 9, '2023-08-05 05:04:45', 90, NULL, NULL, NULL, NULL),
(889, 110, '10', 10, '2023-08-05 05:04:56', 90, NULL, NULL, NULL, NULL),
(890, 104, '0', 0, '2023-08-05 05:06:01', 90, NULL, NULL, NULL, NULL),
(891, 104, '1', 1, '2023-08-05 05:06:19', 90, NULL, NULL, NULL, NULL),
(892, 104, '2', 2, '2023-08-05 05:06:42', 90, NULL, NULL, NULL, NULL),
(893, 104, '3', 3, '2023-08-05 05:06:59', 90, NULL, NULL, NULL, NULL),
(894, 104, '4', 4, '2023-08-05 05:07:17', 90, NULL, NULL, NULL, NULL),
(895, 169, 'Innovative Theme', 30, '2023-08-05 05:07:31', 90, NULL, NULL, NULL, NULL),
(896, 104, '5', 5, '2023-08-05 05:07:37', 90, NULL, NULL, NULL, NULL),
(897, 104, '6', 6, '2023-08-05 05:10:49', 90, NULL, NULL, NULL, NULL),
(898, 207, 'Innovative Theme', 30, '2023-08-05 05:13:46', 90, NULL, NULL, NULL, NULL),
(899, 104, '7', 7, '2023-08-05 05:17:09', 90, NULL, NULL, NULL, NULL),
(900, 104, '8', 8, '2023-08-05 05:17:22', 90, NULL, NULL, NULL, NULL),
(901, 104, '9', 9, '2023-08-05 05:17:35', 90, NULL, NULL, NULL, NULL),
(902, 104, '10', 10, '2023-08-05 05:17:55', 90, NULL, NULL, NULL, NULL),
(903, 179, 'No of plays & likes on social media page of TMC', 40, '2023-08-05 05:19:09', 90, NULL, NULL, NULL, NULL),
(904, 99, '0', 0, '2023-08-05 05:20:16', 90, NULL, NULL, NULL, NULL),
(905, 99, '1', 1, '2023-08-05 05:20:36', 90, NULL, NULL, NULL, NULL),
(906, 99, '2', 2, '2023-08-05 05:20:56', 90, NULL, NULL, NULL, NULL),
(907, 99, '3', 3, '2023-08-05 05:21:21', 90, NULL, NULL, NULL, NULL),
(908, 174, 'Length, shooting & Video quality/frame', 30, '2023-08-05 05:21:39', 90, NULL, NULL, NULL, NULL),
(909, 99, '4', 4, '2023-08-05 05:23:35', 90, NULL, NULL, NULL, NULL),
(910, 182, 'Innovative Theme', 30, '2023-08-05 05:23:51', 90, NULL, NULL, NULL, NULL),
(911, 99, '5', 5, '2023-08-05 05:24:07', 90, NULL, NULL, NULL, NULL),
(912, 182, 'Size of sculpture/Structure', 30, '2023-08-05 05:24:19', 90, NULL, NULL, NULL, NULL),
(913, 182, 'implicity/Sustainability/Creativity/Replicability', 40, '2023-08-05 05:24:48', 90, NULL, NULL, NULL, NULL),
(914, 99, '6', 6, '2023-08-05 05:28:51', 90, NULL, NULL, NULL, NULL),
(915, 99, '7', 7, '2023-08-05 05:29:26', 90, NULL, NULL, NULL, NULL),
(916, 99, '8', 8, '2023-08-05 05:30:33', 90, NULL, NULL, NULL, NULL),
(917, 99, '9', 9, '2023-08-05 05:31:29', 90, NULL, NULL, NULL, NULL),
(918, 173, 'Innovative Theme', 30, '2023-08-05 05:32:18', 90, NULL, NULL, NULL, NULL),
(919, 173, 'Length, shooting & Video quality/frame', 30, '2023-08-05 05:32:48', 90, NULL, NULL, NULL, NULL),
(920, 173, 'No of plays & likes on social media page of TMC', 40, '2023-08-05 05:33:08', 90, NULL, NULL, NULL, NULL),
(921, 177, 'Innovative Theme/ Script and presentation', 40, '2023-08-05 05:33:51', 90, NULL, NULL, NULL, NULL),
(922, 177, 'Number of Actors and Length of play', 20, '2023-08-05 05:34:17', 90, NULL, NULL, NULL, NULL),
(923, 177, 'No of plays & likes on social media page of TMC', 40, '2023-08-05 05:34:39', 90, NULL, NULL, NULL, NULL),
(924, 181, 'Size of sculpture/Structure', 30, '2023-08-05 05:36:19', 90, NULL, NULL, NULL, NULL),
(925, 99, '10', 10, '2023-08-05 05:58:01', 90, NULL, NULL, NULL, NULL);

-- --------------------------------------------------------

--
-- Table structure for table `dept_master`
--

CREATE TABLE `dept_master` (
  `dept_id` int NOT NULL,
  `dept_name` text CHARACTER SET utf8mb4 COLLATE utf8mb4_0900_ai_ci,
  `inserted_dt` datetime DEFAULT NULL,
  `inserted_by` int DEFAULT NULL,
  `modify_at` datetime DEFAULT NULL,
  `modify_by` int DEFAULT NULL,
  `deleted_by` int DEFAULT NULL,
  `deleted_at` datetime DEFAULT NULL
) ENGINE=InnoDB DEFAULT CHARSET=latin1;

--
-- Dumping data for table `dept_master`
--

INSERT INTO `dept_master` (`dept_id`, `dept_name`, `inserted_dt`, `inserted_by`, `modify_at`, `modify_by`, `deleted_by`, `deleted_at`) VALUES
(1, 'घनकचरा व्यवस्थापन', NULL, NULL, NULL, NULL, NULL, NULL),
(2, 'वृक्ष लागवड', NULL, NULL, NULL, NULL, NULL, NULL),
(3, 'ऊर्जा संवर्धन', NULL, NULL, NULL, NULL, NULL, NULL),
(4, 'जल संवर्धन', NULL, NULL, NULL, NULL, NULL, NULL);

--
-- Indexes for dumped tables
--

--
-- Indexes for table `activity_master`
--
ALTER TABLE `activity_master`
  ADD PRIMARY KEY (`activity_id`);

--
-- Indexes for table `category_master`
--
ALTER TABLE `category_master`
  ADD PRIMARY KEY (`category_id`);

--
-- Indexes for table `class_master`
--
ALTER TABLE `class_master`
  ADD PRIMARY KEY (`class_id`);

--
-- Indexes for table `dept_master`
--
ALTER TABLE `dept_master`
  ADD PRIMARY KEY (`dept_id`);

--
-- AUTO_INCREMENT for dumped tables
--

--
-- AUTO_INCREMENT for table `activity_master`
--
ALTER TABLE `activity_master`
  MODIFY `activity_id` int NOT NULL AUTO_INCREMENT, AUTO_INCREMENT=221;

--
-- AUTO_INCREMENT for table `category_master`
--
ALTER TABLE `category_master`
  MODIFY `category_id` int NOT NULL AUTO_INCREMENT, AUTO_INCREMENT=6;

--
-- AUTO_INCREMENT for table `class_master`
--
ALTER TABLE `class_master`
  MODIFY `class_id` int NOT NULL AUTO_INCREMENT, AUTO_INCREMENT=926;

--
-- AUTO_INCREMENT for table `dept_master`
--
ALTER TABLE `dept_master`
  MODIFY `dept_id` int NOT NULL AUTO_INCREMENT, AUTO_INCREMENT=5;
COMMIT;

/*!40101 SET CHARACTER_SET_CLIENT=@OLD_CHARACTER_SET_CLIENT */;
/*!40101 SET CHARACTER_SET_RESULTS=@OLD_CHARACTER_SET_RESULTS */;
/*!40101 SET COLLATION_CONNECTION=@OLD_COLLATION_CONNECTION */;
